000
CDUS45 KTFX 250911
CLICTB


CLIMATE REPORT
NATIONAL WEATHER SERVICE GREAT FALLS MT
308 AM MDT WED APR 25 2018


...................................

...THE CUT BANK MT CLIMATE SUMMARY FOR APRIL 24 2018...

CLIMATE NORMAL PERIOD 1981 TO 2010
CLIMATE RECORD PERIOD 1903 TO 2018


WEATHER ITEM   OBSERVED TIME   RECORD YEAR NORMAL DEPARTURE LAST
                VALUE   (LST)  VALUE       VALUE  FROM      YEAR
                                                  NORMAL
..................................................................
TEMPERATURE (F)
 YESTERDAY
  MAXIMUM         69    416 PM  84    1910  56     13       51
  MINIMUM         27    456 AM   5    2009  31     -4       34
  AVERAGE         48                        43      5       43

PRECIPITATION (IN)
  YESTERDAY        0.00          0.86 1994   0.04  -0.04     0.05
  MONTH TO DATE    0.34                      0.58  -0.24     1.72
  SINCE OCT 1      4.72                      2.51   2.21     5.03
  SINCE JAN 1      2.61                      1.49   1.12     3.60

SNOWFALL (IN)
  YESTERDAY       MM
  SNOW DEPTH       0

DEGREE DAYS
 HEATING
  YESTERDAY       17                        22     -5       22
  MONTH TO DATE  790                       597    193      547
  SINCE MAR 1   2054                      1635    419     1568
  SINCE JUL 1   8572                      7695    877     7919

 COOLING
  YESTERDAY        0                         0      0        0
  MONTH TO DATE    0                         0      0        0
  SINCE MAR 1      0                         0      0        0
  SINCE JAN 1      0                         0      0        0
..................................................................


WIND (MPH)
  HIGHEST WIND SPEED    22   HIGHEST WIND DIRECTION     W (250)
  HIGHEST GUST SPEED    27   HIGHEST GUST DIRECTION     S (190)
  AVERAGE WIND SPEED    11.0


SKY COVER
  AVERAGE SKY COVER 0.0


WEATHER CONDITIONS
 THE FOLLOWING WEATHER WAS RECORDED YESTERDAY.
  NO SIGNIFICANT WEATHER WAS OBSERVED.


RELATIVE HUMIDITY (PERCENT)
 HIGHEST    78           700 AM
 LOWEST      8           300 PM
 AVERAGE    43

..........................................................


THE CUT BANK MT CLIMATE NORMALS FOR TODAY
                         NORMAL    RECORD    YEAR
 MAXIMUM TEMPERATURE (F)   56        87      1910
 MINIMUM TEMPERATURE (F)   31         0      1935


SUNRISE AND SUNSET
APRIL 25 2018.........SUNRISE   620 AM MDT   SUNSET   836 PM MDT
APRIL 26 2018.........SUNRISE   618 AM MDT   SUNSET   837 PM MDT


-  INDICATES NEGATIVE NUMBERS.
R  INDICATES RECORD WAS SET OR TIED.
MM INDICATES DATA IS MISSING.
T  INDICATES TRACE AMOUNT.




$$
