000
CDUS42 KTAE 260633
CLICTY


CLIMATE REPORT
NATIONAL WEATHER SERVICE TALLAHASSEE FL
231 AM EDT SAT MAY 26 2018

...................................

...THE CROSS CITY  CLIMATE SUMMARY FOR MAY 25 2018...

CLIMATE NORMAL PERIOD 1981 TO 2010
CLIMATE RECORD PERIOD 1948 TO 2018


WEATHER ITEM   OBSERVED TIME   NORMAL DEPARTURE LAST
                VALUE   (LST)  VALUE  FROM      YEAR
                                      NORMAL
......................................................
TEMPERATURE (F)
 YESTERDAY
  MAXIMUM         87   1130 AM  90     -3       79
  MINIMUM         69    410 AM  65      4       59
  AVERAGE         78            77      1

PRECIPITATION (IN)
  YESTERDAY        0.00          0.11  -0.11     0.00
  MONTH TO DATE    6.18          1.86   4.32     4.64
  SINCE MAR 1     17.09          9.03   8.06     7.61
  SINCE JAN 1     24.77         16.34   8.43    10.16

DEGREE DAYS
 HEATING
  YESTERDAY        0             0      0
  MONTH TO DATE    0             0      0
  SINCE MAR 1    215           183     32
  SINCE JUL 1   1164          1303   -139

 COOLING
  YESTERDAY       13            12      1
  MONTH TO DATE  248           222     26
  SINCE MAR 1    380           377      3
  SINCE JAN 1    491           404     87
......................................................


WIND (MPH)
  RESULTANT WIND SPEED   2   RESULTANT WIND DIRECTION  SE (120)
  HIGHEST WIND SPEED     9   HIGHEST WIND DIRECTION    SE (130)
  HIGHEST GUST SPEED    18   HIGHEST GUST DIRECTION    SE (130)
  AVERAGE WIND SPEED     4.9



WEATHER CONDITIONS
 THE FOLLOWING WEATHER WAS RECORDED YESTERDAY.
  THUNDERSTORM
  FOG
  HAZE


RELATIVE HUMIDITY (PERCENT)
 HIGHEST   100
 LOWEST     65

..........................................................



SUNRISE AND SUNSET
MAY 26 2018...........SUNRISE   634 AM EDT   SUNSET   825 PM EDT
MAY 27 2018...........SUNRISE   634 AM EDT   SUNSET   825 PM EDT


-  INDICATES NEGATIVE NUMBERS.
R  INDICATES RECORD WAS SET OR TIED.
MM INDICATES DATA IS MISSING.
T  INDICATES TRACE AMOUNT.

$$
