000
CDUS42 KCAE 260605
CLICUB


CLIMATE REPORT
NATIONAL WEATHER SERVICE COLUMBIA SC
205 AM EDT SAT MAY 26 2018


...................................

...THE HAMILTON - OWENS AIRPORT SC CLIMATE SUMMARY FOR MAY 25 2018...

CLIMATE NORMAL PERIOD 1981 TO 2010
CLIMATE RECORD PERIOD 9999 TO 9999


WEATHER ITEM   OBSERVED TIME   NORMAL DEPARTURE LAST
                VALUE   (LST)  VALUE  FROM      YEAR
                                      NORMAL
......................................................
TEMPERATURE (F)
 YESTERDAY
  MAXIMUM         85    146 PM  86     -1       77
  MINIMUM         72   1159 PM  63      9       62
  AVERAGE         79            75      4       70

PRECIPITATION (IN)
  YESTERDAY        0.05          0.12  -0.07     0.06
  MONTH TO DATE    3.57          2.30   1.27     4.25
  SINCE MAR 1      9.47          8.87   0.60    12.37
  SINCE JAN 1     13.31         16.15  -2.84    20.07

DEGREE DAYS
 HEATING
  YESTERDAY        0             0      0        0
  MONTH TO DATE    0            11    -11       10
  SINCE MAR 1    478           383     95      309
  SINCE JUL 1   2158          2312   -154     1573

 COOLING
  YESTERDAY       14            10      4        5
  MONTH TO DATE  264           175     89      209
  SINCE MAR 1    315           271     44      435
  SINCE JAN 1    364           274     90      453
......................................................


WIND (MPH)
  HIGHEST WIND SPEED    21   HIGHEST WIND DIRECTION     S (180)
  HIGHEST GUST SPEED    28   HIGHEST GUST DIRECTION     S (190)
  AVERAGE WIND SPEED     1.4


SKY COVER
  AVERAGE SKY COVER 0.7


WEATHER CONDITIONS
 THE FOLLOWING WEATHER WAS RECORDED YESTERDAY.
  THUNDERSTORM
  LIGHT RAIN
  FOG


RELATIVE HUMIDITY (PERCENT)
 HIGHEST   100           200 AM
 LOWEST     61           200 PM

..........................................................


THE HAMILTON - OWENS AIRPORT SC CLIMATE NORMALS FOR TODAY
                         NORMAL    RECORD    YEAR
 MAXIMUM TEMPERATURE (F)   86        MM        MM
 MINIMUM TEMPERATURE (F)   64        MM        MM


SUNRISE AND SUNSET
MAY 26 2018...........SUNRISE   616 AM EDT   SUNSET   826 PM EDT
MAY 27 2018...........SUNRISE   616 AM EDT   SUNSET   827 PM EDT


-  INDICATES NEGATIVE NUMBERS.
R  INDICATES RECORD WAS SET OR TIED.
MM INDICATES DATA IS MISSING.
T  INDICATES TRACE AMOUNT.




$$
