000
CDUS44 KFWD 240639
CLIDFW


CLIMATE REPORT
NATIONAL WEATHER SERVICE FORT WORTH TX
138 AM CDT THU MAY 24 2018


...................................

...THE DALLAS FORT WORTH CLIMATE SUMMARY FOR MAY 23 2018...

CLIMATE NORMAL PERIOD 1981 TO 2010
CLIMATE RECORD PERIOD 1898 TO 2018


WEATHER ITEM   OBSERVED TIME   RECORD YEAR NORMAL DEPARTURE LAST
                VALUE   (LST)  VALUE       VALUE  FROM      YEAR
                                                  NORMAL
..................................................................
TEMPERATURE (F)
 YESTERDAY
  MAXIMUM         91    422 PM  96    1996  86      5       78
                                      1962
  MINIMUM         70    609 AM  50    1917  66      4       62
  AVERAGE         81                        76      5       70

PRECIPITATION (IN)
  YESTERDAY        0.00          3.91 1908   0.15  -0.15     0.05
  MONTH TO DATE    1.86                      3.65  -1.79     0.53
  SINCE MAR 1      5.53                     10.21  -4.68     4.97
  SINCE JAN 1     17.69                     15.00   2.69    11.69

DEGREE DAYS
 HEATING
  YESTERDAY        0                         0      0        0
  MONTH TO DATE    0                         6     -6        0
  SINCE MAR 1    264                       350    -86      117
  SINCE JUL 1   1931                      2282   -351     1305

 COOLING
  YESTERDAY       16                        11      5        5
  MONTH TO DATE  291                       187    104      215
  SINCE MAR 1    418                       318    100      498
  SINCE JAN 1    440                       325    115      566
..................................................................


WIND (MPH)
  HIGHEST WIND SPEED    16   HIGHEST WIND DIRECTION     S (180)
  HIGHEST GUST SPEED    20   HIGHEST GUST DIRECTION    SE (150)
  AVERAGE WIND SPEED     7.0


SKY COVER
  POSSIBLE SUNSHINE  MM
  AVERAGE SKY COVER 0.4


WEATHER CONDITIONS
 THE FOLLOWING WEATHER WAS RECORDED YESTERDAY.
  NO SIGNIFICANT WEATHER WAS OBSERVED.


RELATIVE HUMIDITY (PERCENT)
 HIGHEST    97           600 AM
 LOWEST     41           300 PM
 AVERAGE    69

..........................................................


THE DALLAS FORT WORTH CLIMATE NORMALS FOR TODAY
                         NORMAL    RECORD    YEAR
 MAXIMUM TEMPERATURE (F)   86        96      1996
 MINIMUM TEMPERATURE (F)   67        54      1940


SUNRISE AND SUNSET
MAY 24 2018...........SUNRISE   624 AM CDT   SUNSET   827 PM CDT
MAY 25 2018...........SUNRISE   623 AM CDT   SUNSET   827 PM CDT


-  INDICATES NEGATIVE NUMBERS.
R  INDICATES RECORD WAS SET OR TIED.
MM INDICATES DATA IS MISSING.
T  INDICATES TRACE AMOUNT.




$$
