000
CDUS44 KAMA 262131
CLIDHT


CLIMATE REPORT
NATIONAL WEATHER SERVICE AMARILLO TX
431 PM CDT SAT MAY 26 2018


...................................

...THE DALHART CLIMATE SUMMARY FOR MAY 26 2018...
VALID TODAY AS OF 0400 PM LOCAL TIME.

CLIMATE NORMAL PERIOD 1981 TO 2010
CLIMATE RECORD PERIOD 1948 TO 2018


WEATHER ITEM   OBSERVED TIME   RECORD YEAR NORMAL DEPARTURE LAST
                VALUE   (LST)  VALUE       VALUE  FROM      YEAR
                                                  NORMAL
..................................................................
TEMPERATURE (F)
 TODAY
  MAXIMUM         95    259 PM 102    2006  81     14       86
  MINIMUM         57    557 AM  38    1950  52      5       55
  AVERAGE         76                        67      9       71

PRECIPITATION (IN)
  TODAY            0.00          2.03 1978   0.08  -0.08     0.00
  MONTH TO DATE    1.04                      1.82  -0.78     1.30
  SINCE MAR 1      1.77                      4.07  -2.30     7.97
  SINCE JAN 1      1.78                      4.99  -3.21     9.05

SNOWFALL (IN)
  TODAY            0.0           T    1999   0.0    0.0      0.0
  MONTH TO DATE    0.0                       0.1   -0.1      0.0
  SINCE MAR 1      0.0                       5.5   -5.5     10.0
  SINCE JUL 1      2.3                      19.0  -16.7     11.3
  SNOW DEPTH       0

DEGREE DAYS
 HEATING
  TODAY            0                         2     -2        0
  MONTH TO DATE   23                       107    -84      118
  SINCE MAR 1    923                      1066   -143      817
  SINCE JUL 1   4110                      4709   -599     3634

 COOLING
  TODAY           11                         3      8        6
  MONTH TO DATE  139                        45     94       36
  SINCE MAR 1    144                        51     93       71
  SINCE JAN 1    144                        51     93       71
..................................................................


WIND (MPH)
  RESULTANT WIND SPEED   5   RESULTANT WIND DIRECTION   S (160)
  HIGHEST WIND SPEED    17   HIGHEST WIND DIRECTION    SE (150)
  HIGHEST GUST SPEED    21   HIGHEST GUST DIRECTION     S (160)
  AVERAGE WIND SPEED     6.3


SKY COVER
  AVERAGE SKY COVER 0.0


WEATHER CONDITIONS
 THE FOLLOWING WEATHER WAS RECORDED TODAY.
  NO SIGNIFICANT WEATHER WAS OBSERVED.


RELATIVE HUMIDITY (PERCENT)
 HIGHEST    86           500 AM
 LOWEST     12           300 PM
 AVERAGE    49

..........................................................


THE DALHART CLIMATE NORMALS FOR TOMORROW
                         NORMAL    RECORD    YEAR
 MAXIMUM TEMPERATURE (F)   82        97      2006
 MINIMUM TEMPERATURE (F)   52        39      1992


SUNRISE AND SUNSET
MAY 26 2018...........SUNRISE   637 AM CDT   SUNSET   858 PM CDT
MAY 27 2018...........SUNRISE   637 AM CDT   SUNSET   858 PM CDT


-  INDICATES NEGATIVE NUMBERS.
R  INDICATES RECORD WAS SET OR TIED.
MM INDICATES DATA IS MISSING.
T  INDICATES TRACE AMOUNT.




$$
