000
CDUS43 KBIS 220725
CLIDIK


CLIMATE REPORT
NATIONAL WEATHER SERVICE BISMARCK ND
224 AM CDT SUN APR 22 2018


...................................

...THE DICKINSON ND CLIMATE SUMMARY FOR APRIL 21 2018...

CLIMATE NORMAL PERIOD 1981 TO 2010
CLIMATE RECORD PERIOD 1893 TO 2018


WEATHER ITEM   OBSERVED TIME   RECORD YEAR NORMAL DEPARTURE LAST
                VALUE   (LST)  VALUE       VALUE  FROM      YEAR
                                                  NORMAL
..................................................................
TEMPERATURE (F)
 YESTERDAY
  MAXIMUM         63    246 PM  94    1980  58      5       61
  MINIMUM         36    319 AM  15    1909  31      5       30
                                      1899
  AVERAGE         50                        44      6       46

PRECIPITATION (IN)
  YESTERDAY        0.00          1.08 1997   0.05  -0.05     0.00
  MONTH TO DATE    0.46                      0.92  -0.46     0.49
  SINCE MAR 1      1.17                      1.61  -0.44     0.83
  SINCE JAN 1      1.35                      2.24  -0.89     1.14

DEGREE DAYS
 HEATING
  YESTERDAY       15                        20     -5       19
  MONTH TO DATE  749                       513    236      461
  SINCE MAR 1   1910                      1599    311     1474
  SINCE JUL 1   8428                      7893    535     7604

 COOLING
  YESTERDAY        0                         0      0        0
  MONTH TO DATE    0                         0      0        0
  SINCE MAR 1      0                         0      0        0
  SINCE JAN 1      0                         0      0        0
..................................................................


WIND (MPH)
  HIGHEST WIND SPEED    31   HIGHEST WIND DIRECTION     S (170)
  HIGHEST GUST SPEED    37   HIGHEST GUST DIRECTION     S (170)
  AVERAGE WIND SPEED    20.1


SKY COVER
  POSSIBLE SUNSHINE  MM
  AVERAGE SKY COVER 0.2


WEATHER CONDITIONS
 THE FOLLOWING WEATHER WAS RECORDED YESTERDAY.
  NO SIGNIFICANT WEATHER WAS OBSERVED.


RELATIVE HUMIDITY (PERCENT)
 HIGHEST   100           300 AM
 LOWEST     36           100 PM
 AVERAGE    68

..........................................................


THE DICKINSON ND CLIMATE NORMALS FOR TODAY
                         NORMAL    RECORD    YEAR
 MAXIMUM TEMPERATURE (F)   58        90      1989
 MINIMUM TEMPERATURE (F)   31        15      1951


SUNRISE AND SUNSET
APRIL 22 2018.........SUNRISE   551 AM MDT   SUNSET   749 PM MDT
APRIL 23 2018.........SUNRISE   549 AM MDT   SUNSET   751 PM MDT


-  INDICATES NEGATIVE NUMBERS.
R  INDICATES RECORD WAS SET OR TIED.
MM INDICATES DATA IS MISSING.
T  INDICATES TRACE AMOUNT.




$$
