000
CDUS42 KCAE 212120
CLIDNL


CLIMATE REPORT
NATIONAL WEATHER SERVICE COLUMBIA SC
519 PM EDT MON MAY 21 2018


...................................

...THE AUGUSTA DANIEL FIELD GA CLIMATE SUMMARY FOR MAY 21 2018...
VALID TODAY AS OF 0500 PM LOCAL TIME.

CLIMATE NORMAL PERIOD 1981 TO 2010
CLIMATE RECORD PERIOD 9999 TO 9999


WEATHER ITEM   OBSERVED TIME   NORMAL DEPARTURE LAST
                VALUE   (LST)  VALUE  FROM      YEAR
                                      NORMAL
......................................................
TEMPERATURE (F)
 TODAY
  MAXIMUM         87    300 PM  85      2       87
  MINIMUM         68        MM  64      4       75
  AVERAGE         78            74      4

PRECIPITATION (IN)
  TODAY            0.00          0.12  -0.12     0.21
  MONTH TO DATE    3.13          1.84   1.29     1.18
  SINCE MAR 1      9.03          9.10  -0.07     5.43
  SINCE JAN 1     13.48         17.34  -3.86    17.79

DEGREE DAYS
 HEATING
  TODAY            0             0      0        0
  MONTH TO DATE    0             8     -8        6
  SINCE MAR 1    348           354     -6      238
  SINCE JUL 1   1771          2167   -396     1245

 COOLING
  TODAY           13            10      3       16
  MONTH TO DATE  237           147     90      216
  SINCE MAR 1    310           244     66      497
  SINCE JAN 1    379           248    131      531
......................................................


WIND (MPH)
  HIGHEST WIND SPEED     9   HIGHEST WIND DIRECTION     S (170)
  HIGHEST GUST SPEED    MM   HIGHEST GUST DIRECTION    MM
  AVERAGE WIND SPEED     3.7


SKY COVER
  AVERAGE SKY COVER 0.2


WEATHER CONDITIONS
 THE FOLLOWING WEATHER WAS RECORDED TODAY.
  NO SIGNIFICANT WEATHER WAS OBSERVED.


RELATIVE HUMIDITY (PERCENT)
 HIGHEST    90           400 AM
 LOWEST     40           300 PM

..........................................................


THE AUGUSTA DANIEL FIELD GA CLIMATE NORMALS FOR TOMORROW
                         NORMAL
 MAXIMUM TEMPERATURE (F)   85
 MINIMUM TEMPERATURE (F)   65


SUNRISE AND SUNSET
MAY 21 2018...........SUNRISE   624 AM EDT   SUNSET   826 PM EDT
MAY 22 2018...........SUNRISE   623 AM EDT   SUNSET   827 PM EDT


-  INDICATES NEGATIVE NUMBERS.
R  INDICATES RECORD WAS SET OR TIED.
MM INDICATES DATA IS MISSING.
T  INDICATES TRACE AMOUNT.




$$
