000
CDUS43 KDTX 250537
CLIDTW


CLIMATE REPORT
NATIONAL WEATHER SERVICE DETROIT/PONTIAC MI
137 AM EDT WED APR 25 2018


...................................

...THE DETROIT MI CLIMATE SUMMARY FOR APRIL 24 2018...

CLIMATE NORMAL PERIOD 1981 TO 2010
CLIMATE RECORD PERIOD 1874 TO 2018


WEATHER ITEM   OBSERVED TIME   RECORD YEAR NORMAL DEPARTURE LAST
                VALUE   (LST)  VALUE       VALUE  FROM      YEAR
                                                  NORMAL
..................................................................
TEMPERATURE (F)
 YESTERDAY
  MAXIMUM         58   1006 AM  86    2009  63     -5       71
                                      1960
                                      1925
  MINIMUM         51   1159 PM  27    1892  42      9       41
                                      1883
                                      1875
  AVERAGE         55                        52      3       56

PRECIPITATION (IN)
  YESTERDAY        0.21          1.57 1880   0.09   0.12     0.00
  MONTH TO DATE    3.63                      2.31   1.32     2.91
  SINCE MAR 1      6.26                      4.59   1.67     7.17
  SINCE JAN 1     11.89                      8.57   3.32    11.90

SNOWFALL (IN)
  YESTERDAY        0.0           3.1  2005   0.0    0.0      0.0
  MONTH TO DATE    2.4                       1.6    0.8      0.1
  SINCE MAR 1      8.3                       8.5   -0.2      7.0
  SINCE JUL 1     61.0                      42.4   18.6     37.9
  SNOW DEPTH       0

DEGREE DAYS
 HEATING
  YESTERDAY       10                        13     -3        9
  MONTH TO DATE  569                       409    160      276
  SINCE MAR 1   1479                      1271    208     1141
  SINCE JUL 1   5915                      5824     91     4879

 COOLING
  YESTERDAY        0                         0      0        0
  MONTH TO DATE    0                         0      0        5
  SINCE MAR 1      0                         0      0        5
  SINCE JAN 1      0                         0      0        5
..................................................................


WIND (MPH)
  HIGHEST WIND SPEED    16   HIGHEST WIND DIRECTION    SE (130)
  HIGHEST GUST SPEED    19   HIGHEST GUST DIRECTION    SE (130)
  AVERAGE WIND SPEED     6.7


SKY COVER
  POSSIBLE SUNSHINE  MM
  AVERAGE SKY COVER 1.0


WEATHER CONDITIONS
 THE FOLLOWING WEATHER WAS RECORDED YESTERDAY.
  RAIN
  LIGHT RAIN
  FOG
  HAZE


RELATIVE HUMIDITY (PERCENT)
 HIGHEST    89           100 PM
 LOWEST     61          1200 AM
 AVERAGE    75

..........................................................


THE DETROIT MI CLIMATE NORMALS FOR TODAY
                         NORMAL    RECORD    YEAR
 MAXIMUM TEMPERATURE (F)   63        87      1994
                                             1990
                                             1915
 MINIMUM TEMPERATURE (F)   43        26      1892


SUNRISE AND SUNSET
APRIL 25 2018.........SUNRISE   637 AM EDT   SUNSET   826 PM EDT
APRIL 26 2018.........SUNRISE   636 AM EDT   SUNSET   827 PM EDT


-  INDICATES NEGATIVE NUMBERS.
R  INDICATES RECORD WAS SET OR TIED.
MM INDICATES DATA IS MISSING.
T  INDICATES TRACE AMOUNT.




$$
