000
CDUS41 KRLX 222121
CLIEKN


CLIMATE REPORT
NATIONAL WEATHER SERVICE CHARLESTON WV
520 PM EDT SUN APR 22 2018


...................................

...THE ELKINS WV CLIMATE SUMMARY FOR APRIL 22 2018...
VALID TODAY AS OF 0500 PM LOCAL TIME.

CLIMATE NORMAL PERIOD 1981 TO 2010
CLIMATE RECORD PERIOD 1899 TO 2018


WEATHER ITEM   OBSERVED TIME   RECORD YEAR NORMAL DEPARTURE LAST
                VALUE   (LST)  VALUE       VALUE  FROM      YEAR
                                                  NORMAL
..................................................................
TEMPERATURE (F)
 TODAY
  MAXIMUM         68    335 PM  88    1902  65      3       59
  MINIMUM         34    527 AM  23    1904  38     -4       42
  AVERAGE         51                        52     -1       51

PRECIPITATION (IN)
  TODAY            0.00          0.80 1931   0.13  -0.13     0.47
  MONTH TO DATE    4.28                      2.76   1.52     4.32
  SINCE MAR 1      8.74                      6.72   2.02     8.46
  SINCE JAN 1     19.55                     13.05   6.50    15.71

DEGREE DAYS
 HEATING
  TODAY           14                        13      1       14
  MONTH TO DATE  434                       365     69      230
  SINCE MAR 1   1362                      1145    217      947
  SINCE JUL 1   5314                      5466   -152     4350

 COOLING
  TODAY            0                         0      0        0
  MONTH TO DATE    1                         0      1        0
  SINCE MAR 1      1                         0      1        0
  SINCE JAN 1      1                         0      1        0
..................................................................


WIND (MPH)
  HIGHEST WIND SPEED     6   HIGHEST WIND DIRECTION     N (350)
  HIGHEST GUST SPEED    11   HIGHEST GUST DIRECTION    SE (140)
  AVERAGE WIND SPEED     0.8


SKY COVER
  POSSIBLE SUNSHINE  MM
  AVERAGE SKY COVER 0.1


WEATHER CONDITIONS
 THE FOLLOWING WEATHER WAS RECORDED TODAY.
  NO SIGNIFICANT WEATHER WAS OBSERVED.


RELATIVE HUMIDITY (PERCENT)
 HIGHEST    82           300 AM
 LOWEST     18           300 PM
 AVERAGE    50

..........................................................


THE ELKINS WV CLIMATE NORMALS FOR TOMORROW
                         NORMAL    RECORD    YEAR
 MAXIMUM TEMPERATURE (F)   65        88      2001
 MINIMUM TEMPERATURE (F)   39        19      1982


SUNRISE AND SUNSET
APRIL 22 2018.........SUNRISE   633 AM EDT   SUNSET   803 PM EDT
APRIL 23 2018.........SUNRISE   632 AM EDT   SUNSET   804 PM EDT


-  INDICATES NEGATIVE NUMBERS.
R  INDICATES RECORD WAS SET OR TIED.
MM INDICATES DATA IS MISSING.
T  INDICATES TRACE AMOUNT.




$$
