000
CDUS45 KLKN 230927
CLIEKO


CLIMATE REPORT
NATIONAL WEATHER SERVICE ELKO NV
226 AM PDT MON APR 23 2018


...................................

...THE ELKO AIRPORT NV CLIMATE SUMMARY FOR APRIL 22 2018...

CLIMATE NORMAL PERIOD 1981 TO 2010
CLIMATE RECORD PERIOD 1888 TO 2018


WEATHER ITEM   OBSERVED TIME   RECORD YEAR NORMAL DEPARTURE LAST
                VALUE   (LST)  VALUE       VALUE  FROM      YEAR
                                                  NORMAL
..................................................................
TEMPERATURE (F)
 YESTERDAY
  MAXIMUM         76    224 PM  87    2012  61     15       67
  MINIMUM         32    356 AM  15    1909  32      0       29
                                      1895
  AVERAGE         54                        47      7       48

PRECIPITATION (IN)
  YESTERDAY        0.00          3.30 1925   0.03  -0.03     0.00
  MONTH TO DATE    0.93                      0.70   0.23     0.99
  SINCE OCT 1      5.60                      6.72  -1.12    11.96
  SINCE JAN 1      3.90                      3.66   0.24     6.33

SNOWFALL (IN)
  YESTERDAY        0.0          16.0  1925   0.1   -0.1      0.0
  MONTH TO DATE    0.5                       2.7   -2.2       T
  SINCE MAR 1     14.3                       7.8    6.5      1.9
  SINCE JUL 1     28.2                      40.3  -12.1     53.3
  SNOW DEPTH       0

DEGREE DAYS
 HEATING
  YESTERDAY       11                        18     -7       17
  MONTH TO DATE  419                       457    -38      428
  SINCE MAR 1   1287                      1266     21     1063
  SINCE JUL 1   5929                      6434   -505     5799

 COOLING
  YESTERDAY        0                         0      0        0
  MONTH TO DATE    0                         0      0        0
  SINCE MAR 1      0                         0      0        0
  SINCE JAN 1      0                         0      0        0
..................................................................


WIND (MPH)
  HIGHEST WIND SPEED    22   HIGHEST WIND DIRECTION    NW (320)
  HIGHEST GUST SPEED    27   HIGHEST GUST DIRECTION    NW (320)
  AVERAGE WIND SPEED     6.9



WEATHER CONDITIONS
 THE FOLLOWING WEATHER WAS RECORDED YESTERDAY.
  NO SIGNIFICANT WEATHER WAS OBSERVED.


RELATIVE HUMIDITY (PERCENT)
 HIGHEST    92           400 AM
 LOWEST     19           100 PM
 AVERAGE    56

..........................................................


THE ELKO AIRPORT NV CLIMATE NORMALS FOR TODAY
                         NORMAL    RECORD    YEAR
 MAXIMUM TEMPERATURE (F)   62        86      2012
 MINIMUM TEMPERATURE (F)   32        15      1968
                                             1961


SUNRISE AND SUNSET
APRIL 23 2018.........SUNRISE   552 AM PDT   SUNSET   731 PM PDT
APRIL 24 2018.........SUNRISE   551 AM PDT   SUNSET   732 PM PDT


-  INDICATES NEGATIVE NUMBERS.
R  INDICATES RECORD WAS SET OR TIED.
MM INDICATES DATA IS MISSING.
T  INDICATES TRACE AMOUNT.




$$
