000
CDUS46 KPQR 251144
CLIEUG


CLIMATE REPORT
NATIONAL WEATHER SERVICE PORTLAND OREGON
443 AM PDT FRI MAY 25 2018


...................................

...THE EUGENE OR CLIMATE SUMMARY FOR MAY 24 2018...

CLIMATE NORMAL PERIOD 1981 TO 2010
CLIMATE RECORD PERIOD 1892 TO 2018


WEATHER ITEM   OBSERVED TIME   RECORD YEAR NORMAL DEPARTURE LAST
                VALUE   (LST)  VALUE       VALUE  FROM      YEAR
                                                  NORMAL
..................................................................
TEMPERATURE (F)
 YESTERDAY
  MAXIMUM         72    459 PM  88    1992  69      3       66
                                      1928
  MINIMUM         53   1147 PM  33    1977  45      8       43
  AVERAGE         63                        57      6       55

PRECIPITATION (IN)
  YESTERDAY        0.00          1.21 2012   0.08  -0.08     0.00
  MONTH TO DATE    0.28                      2.12  -1.84     1.22
  SINCE OCT 1     29.53                     41.54 -12.01    43.66
  SINCE JAN 1     15.52                     22.74  -7.22    24.07

SNOWFALL (IN)
  YESTERDAY        0.0
  MONTH TO DATE    0.0
  SINCE MAR 1      T
  SINCE JUL 1      2.0

DEGREE DAYS
 HEATING
  YESTERDAY        2                         9     -7       10
  MONTH TO DATE  166                       250    -84      235
  SINCE MAR 1   1267                      1265      2     1201
  SINCE JUL 1   4590                      4592     -2     4402

 COOLING
  YESTERDAY        0                         0      0        0
  MONTH TO DATE    0                         0      0       11
  SINCE MAR 1      0                         0      0       11
  SINCE JAN 1      0                         0      0       11
..................................................................


WIND (MPH)
  HIGHEST WIND SPEED    10   HIGHEST WIND DIRECTION     N (340)
  HIGHEST GUST SPEED    14   HIGHEST GUST DIRECTION     N (10)
  AVERAGE WIND SPEED     5.6


SKY COVER
  POSSIBLE SUNSHINE  MM
  AVERAGE SKY COVER 0.7


WEATHER CONDITIONS
 THE FOLLOWING WEATHER WAS RECORDED YESTERDAY.
  NO SIGNIFICANT WEATHER WAS OBSERVED.


RELATIVE HUMIDITY (PERCENT)
 HIGHEST   100          1000 PM
 LOWEST     63           300 PM
 AVERAGE    82

..........................................................


THE EUGENE OR CLIMATE NORMALS FOR TODAY
                         NORMAL    RECORD    YEAR
 MAXIMUM TEMPERATURE (F)   69        89      1947
                                             1938
 MINIMUM TEMPERATURE (F)   45        34      1975
                                             1973
                                             1930


SUNRISE AND SUNSET
MAY 25 2018...........SUNRISE   537 AM PDT   SUNSET   843 PM PDT
MAY 26 2018...........SUNRISE   536 AM PDT   SUNSET   844 PM PDT


-  INDICATES NEGATIVE NUMBERS.
R  INDICATES RECORD WAS SET OR TIED.
MM INDICATES DATA IS MISSING.
T  INDICATES TRACE AMOUNT.




$$
