000
CDUS42 KMHX 242127
CLIEWN


CLIMATE REPORT
NATIONAL WEATHER SERVICE NEWPORT/MOREHEAD CITY NC
526 PM EDT TUE APR 24 2018


...................................

...THE NEW BERN NC CLIMATE SUMMARY FOR APRIL 24 2018...
VALID TODAY AS OF 0500 PM LOCAL TIME.

CLIMATE NORMAL PERIOD 1981 TO 2010
CLIMATE RECORD PERIOD 1948 TO 2018


WEATHER ITEM   OBSERVED TIME   RECORD YEAR NORMAL DEPARTURE LAST
                VALUE   (LST)  VALUE       VALUE  FROM      YEAR
                                                  NORMAL
..................................................................
TEMPERATURE (F)
 TODAY
  MAXIMUM         64    233 PM  94    1960  76    -12       69
  MINIMUM         59    811 AM  39    1963  52      7       59
  AVERAGE         62                        64     -2       64

PRECIPITATION (IN)
  TODAY            1.30          1.41 2017   0.11   1.19     1.41
  MONTH TO DATE    3.79                      2.53   1.26     3.55
  SINCE MAR 1      8.02                      6.92   1.10     7.58
  SINCE JAN 1     14.43                     14.60  -0.17    13.80

SNOWFALL (IN)
  TODAY            0.0
  MONTH TO DATE    0.0
  SINCE NOV 1      6.0
  SINCE JUL 1      6.0
  SNOW DEPTH       0

DEGREE DAYS
 HEATING
  TODAY            3                         4     -1        1
  MONTH TO DATE  192                       135     57       55
  SINCE MAR 1    715                       504    211      466
  SINCE JUL 1   2884                      2650    234     2206

 COOLING
  TODAY            0                         3     -3        0
  MONTH TO DATE    8                        39    -31       74
  SINCE MAR 1     14                        50    -36       85
  SINCE JAN 1     56                        53      3       91
..................................................................


WIND (MPH)
  HIGHEST WIND SPEED    21   HIGHEST WIND DIRECTION    SE (120)
  HIGHEST GUST SPEED    30   HIGHEST GUST DIRECTION    SE (130)
  AVERAGE WIND SPEED     9.5


SKY COVER
  POSSIBLE SUNSHINE  MM
  AVERAGE SKY COVER 0.9


WEATHER CONDITIONS
 THE FOLLOWING WEATHER WAS RECORDED TODAY.
  HEAVY RAIN
  RAIN
  LIGHT RAIN
  FOG


RELATIVE HUMIDITY (PERCENT)
 HIGHEST   100           400 AM
 LOWEST     90           100 AM
 AVERAGE    95

..........................................................


THE NEW BERN NC CLIMATE NORMALS FOR TOMORROW
                         NORMAL    RECORD    YEAR
 MAXIMUM TEMPERATURE (F)   76        94      1960
 MINIMUM TEMPERATURE (F)   53        39      2005
                                             1969


SUNRISE AND SUNSET
APRIL 24 2018.........SUNRISE   625 AM EDT   SUNSET   748 PM EDT
APRIL 25 2018.........SUNRISE   624 AM EDT   SUNSET   749 PM EDT


-  INDICATES NEGATIVE NUMBERS.
R  INDICATES RECORD WAS SET OR TIED.
MM INDICATES DATA IS MISSING.
T  INDICATES TRACE AMOUNT.




$$
