000
CDUS42 KKEY 232022
CLIEYW


CLIMATE REPORT
NATIONAL WEATHER SERVICE KEY WEST, FL
422 PM EDT MON APR 23 2018


...................................

...THE KEY WEST CLIMATE SUMMARY FOR APRIL 23 2018...
VALID TODAY AS OF 0400 PM LOCAL TIME.

CLIMATE NORMAL PERIOD 1981 TO 2010
CLIMATE RECORD PERIOD 1871 TO 2018


WEATHER ITEM   OBSERVED TIME   RECORD YEAR NORMAL DEPARTURE LAST
                VALUE   (LST)  VALUE       VALUE  FROM      YEAR
                                                  NORMAL
..................................................................
TEMPERATURE (F)
 TODAY
  MAXIMUM         84   1158 AM  89    1874  82      2       84
  MINIMUM         78    657 AM  62    1940  73      5       74
  AVERAGE         81                        77      4       79

PRECIPITATION (IN)
  TODAY            0.00          2.37 1954   0.07  -0.07     0.00
  MONTH TO DATE    0.17                      1.64  -1.47     3.74
  SINCE MAR 1      2.29                      3.69  -1.40     4.67
  SINCE JAN 1      3.53                      7.22  -3.69     7.72

SNOWFALL (IN)
  TODAY            0.0
  MONTH TO DATE    0.0
  SINCE MAR 1      0.0
  SINCE JUL 1      0.0
  SNOW DEPTH       0

DEGREE DAYS
 HEATING
  TODAY            0                         0      0        0
  MONTH TO DATE    0                         0      0        0
  SINCE MAR 1      2                         7     -5        0
  SINCE JUL 1     44                        73    -29        5

 COOLING
  TODAY           16                        12      4       14
  MONTH TO DATE  309                       253     56      284
  SINCE MAR 1    541                       515     26      590
  SINCE JAN 1    994                       863    131     1130
..................................................................


WIND (MPH)
  HIGHEST WIND SPEED    16   HIGHEST WIND DIRECTION    SE (130)
  HIGHEST GUST SPEED    19   HIGHEST GUST DIRECTION    SE (130)
  AVERAGE WIND SPEED    11.3


SKY COVER
  POSSIBLE SUNSHINE  MM
  AVERAGE SKY COVER 0.1


WEATHER CONDITIONS
 THE FOLLOWING WEATHER WAS RECORDED TODAY.
  NO SIGNIFICANT WEATHER WAS OBSERVED.


RELATIVE HUMIDITY (PERCENT)
 HIGHEST    85
 LOWEST     74
 AVERAGE    80

..........................................................


THE KEY WEST CLIMATE NORMALS FOR TOMORROW
                         NORMAL    RECORD    YEAR
 MAXIMUM TEMPERATURE (F)   82        89      2015
                                             1991
 MINIMUM TEMPERATURE (F)   73        63      1998


SUNRISE AND SUNSET
APRIL 23 2018.........SUNRISE   658 AM EDT   SUNSET   753 PM EDT
APRIL 24 2018.........SUNRISE   657 AM EDT   SUNSET   753 PM EDT


-  INDICATES NEGATIVE NUMBERS.
R  INDICATES RECORD WAS SET OR TIED.
MM INDICATES DATA IS MISSING.
T  INDICATES TRACE AMOUNT.




$$
