000
CDAK49 PAFG 240055
CLIFAI

CLIMATE REPORT
NATIONAL WEATHER SERVICE FAIRBANKS AK
455 PM AKDT WED MAY 23 2018

...................................

...THE FAIRBANKS AK CLIMATE SUMMARY FOR MAY 23 2018...
VALID TODAY AS OF 0400 PM LOCAL TIME.

CLIMATE NORMAL PERIOD 1981 TO 2010
CLIMATE RECORD PERIOD 1904 TO 2018


WEATHER ITEM   OBSERVED TIME   RECORD YEAR NORMAL DEPARTURE LAST
                VALUE   (LST)  VALUE       VALUE  FROM      YEAR
                                                  NORMAL
..................................................................
TEMPERATURE (F)
 TODAY
  MAXIMUM         65    236 PM  86    2015  64      1       58
  MINIMUM         48    443 AM  25    1918  41      7       41
  AVERAGE         57                        52      5       50

PRECIPITATION (IN)
  TODAY            T             0.35 1948   0.02  -0.02      T
  MONTH TO DATE    0.65                      0.41   0.24     0.48
  SINCE MAR 1      1.38                      0.97   0.41     0.74
  SINCE JAN 1      4.04                      1.97   2.07     2.94

SNOWFALL (IN)
  TODAY            0.0           T    1949   0.0    0.0      0.0
  MONTH TO DATE    0.7                       0.8   -0.1      0.0
  SINCE MAR 1     11.4                       8.6    2.8      4.7
  SINCE JUL 1     85.7                      64.9   20.8     83.7
  SNOW DEPTH       0

DEGREE DAYS
 HEATING
  TODAY            8                        13     -5       15
  MONTH TO DATE  378                       397    -19      336
  SINCE MAR 1   2906                      3031   -125     3295
  SINCE JUL 1  12131                     13421  -1290    13425

 COOLING
  TODAY            0                         0      0        0
  MONTH TO DATE    0                         0      0        0
  SINCE MAR 1      0                         0      0        0
  SINCE JAN 1      0                         0      0        0
..................................................................


WIND (MPH)
  HIGHEST GUST SPEED    16   HIGHEST GUST DIRECTION     W (290)


SKY COVER
  AVERAGE SKY COVER 0.7


WEATHER CONDITIONS
 THE FOLLOWING WEATHER WAS RECORDED TODAY.
  NO SIGNIFICANT WEATHER WAS OBSERVED.


RELATIVE HUMIDITY (PERCENT)
 HIGHEST    93
 LOWEST     44
 AVERAGE    69

..........................................................


THE FAIRBANKS AK CLIMATE NORMALS FOR TOMORROW
                         NORMAL    RECORD    YEAR
 MAXIMUM TEMPERATURE (F)   64        89      1960
 MINIMUM TEMPERATURE (F)   41        28      1931


SUNRISE AND SUNSET
MAY 23 2018...........SUNRISE   401 AM AKDT  SUNSET  1138 PM AKDT
MAY 24 2018...........SUNRISE   358 AM AKDT  SUNSET  1142 PM AKDT


-  INDICATES NEGATIVE NUMBERS.
R  INDICATES RECORD WAS SET OR TIED.
MM INDICATES DATA IS MISSING.
T  INDICATES TRACE AMOUNT.

&&

SNOW DEPTH IS MEASURED AT 3AM AKST/4AM AKDT

----------------------------
AVAILABLE DAYLIGHT

AMOUNT OF DAYLIGHT TODAY  (HOUR:MIN)........19:44
GAIN SINCE YESTERDAY........................7 MINUTES
----------------------------

$$
AY MAY 18
