000
CDUS42 KILM 230848
CLIFLO


CLIMATE REPORT
NATIONAL WEATHER SERVICE WILMINGTON NC
448 AM EDT WED MAY 23 2018


...................................

...THE FLORENCE SOUTH  CAROLINA CLIMATE SUMMARY FOR MAY 22 2018...

CLIMATE NORMAL PERIOD 1981 TO 2010
CLIMATE RECORD PERIOD 1948 TO 2018


WEATHER ITEM   OBSERVED TIME   RECORD YEAR NORMAL DEPARTURE LAST
                VALUE   (LST)  VALUE       VALUE  FROM      YEAR
                                                  NORMAL
..................................................................
TEMPERATURE (F)
 YESTERDAY
  MAXIMUM         87    306 PM  97    1962  84      3       87
  MINIMUM         69    510 AM  47    2002  61      8       69
                                      1954
  AVERAGE         78                        73      5       78

PRECIPITATION (IN)
  YESTERDAY        0.03          2.27 1967   0.12  -0.09     0.58
  MONTH TO DATE    2.29                      2.13   0.16     2.14
  SINCE MAR 1     11.09                      8.08   3.01     8.29
  SINCE JAN 1     14.13                     14.23  -0.10    13.16

DEGREE DAYS
 HEATING
  YESTERDAY        0                         0      0        0
  MONTH TO DATE    0                        22    -22       11
  SINCE MAR 1    532                       456     76      391
  SINCE JUL 1   2426                      2522    -96     1836

 COOLING
  YESTERDAY       13                         8      5       13
  MONTH TO DATE  215                       128     87      150
  SINCE MAR 1    276                       218     58      328
  SINCE JAN 1    328                       224    104      341
..................................................................


WIND (MPH)
  RESULTANT WIND SPEED   5   RESULTANT WIND DIRECTION  SW (210)
  HIGHEST WIND SPEED    22   HIGHEST WIND DIRECTION     S (180)
  HIGHEST GUST SPEED    25   HIGHEST GUST DIRECTION     S (180)
  AVERAGE WIND SPEED     6.2


SKY COVER
  POSSIBLE SUNSHINE  MM
  AVERAGE SKY COVER 0.3


WEATHER CONDITIONS
 THE FOLLOWING WEATHER WAS RECORDED YESTERDAY.
  LIGHT RAIN
  FOG
  FOG W/VISIBILITY <= 1/4 MILE


RELATIVE HUMIDITY (PERCENT)
 HIGHEST   100           400 AM
 LOWEST     45           300 PM
 AVERAGE    73

..........................................................


THE FLORENCE SOUTH  CAROLINA CLIMATE NORMALS FOR TODAY
                         NORMAL    RECORD    YEAR
 MAXIMUM TEMPERATURE (F)   84       100      1953
 MINIMUM TEMPERATURE (F)   62        46      2002


SUNRISE AND SUNSET
MAY 23 2018...........SUNRISE   612 AM EDT   SUNSET   820 PM EDT
MAY 24 2018...........SUNRISE   611 AM EDT   SUNSET   820 PM EDT


-  INDICATES NEGATIVE NUMBERS.
R  INDICATES RECORD WAS SET OR TIED.
MM INDICATES DATA IS MISSING.
T  INDICATES TRACE AMOUNT.




$$
