000
CDUS43 KIWX 270540
CLIFWA


CLIMATE REPORT
NATIONAL WEATHER SERVICE NORTHERN INDIANA
140 AM EDT FRI APR 27 2018


...................................

...THE FORT WAYNE CLIMATE SUMMARY FOR APRIL 26 2018...

CLIMATE NORMAL PERIOD 1981 TO 2010
CLIMATE RECORD PERIOD 1897 TO 2018


WEATHER ITEM   OBSERVED TIME   RECORD YEAR NORMAL DEPARTURE LAST
                VALUE   (LST)  VALUE       VALUE  FROM      YEAR
                                                  NORMAL
..................................................................
TEMPERATURE (F)
 YESTERDAY
  MAXIMUM         67    419 PM  88    1986  65      2       85
  MINIMUM         34    348 AM  29    2006  43     -9       58
  AVERAGE         51                        54     -3       72

PRECIPITATION (IN)
  YESTERDAY        0.00          1.24 1945   0.11  -0.11     0.09
  MONTH TO DATE    2.16                      3.09  -0.93     2.56
  SINCE MAR 1      5.00                      5.80  -0.80     6.37
  SINCE JAN 1     10.62                     10.10   0.52    12.84

SNOWFALL (IN)
  YESTERDAY        0.0           0.2  1931   0.0    0.0      0.0
  MONTH TO DATE    2.4                       1.0    1.4      0.4
  SINCE MAR 1      4.5                       5.1   -0.6      3.4
  SINCE JUL 1     32.7                      33.5   -0.8     18.5
  SNOW DEPTH       0

DEGREE DAYS
 HEATING
  YESTERDAY       14                        12      2        0
  MONTH TO DATE  564                       416    148      264
  SINCE MAR 1   1446                      1242    204     1048
  SINCE JUL 1   5774                      5840    -66     4742

 COOLING
  YESTERDAY        0                         0      0        7
  MONTH TO DATE    1                         0      1       20
  SINCE MAR 1      1                         0      1       20
  SINCE JAN 1      1                         0      1       20
..................................................................


WIND (MPH)
  HIGHEST WIND SPEED    10   HIGHEST WIND DIRECTION     E (90)
  HIGHEST GUST SPEED    14   HIGHEST GUST DIRECTION     E (100)
  AVERAGE WIND SPEED     3.5


SKY COVER
  AVERAGE SKY COVER 0.3


WEATHER CONDITIONS
 THE FOLLOWING WEATHER WAS RECORDED YESTERDAY.
  NO SIGNIFICANT WEATHER WAS OBSERVED.


RELATIVE HUMIDITY (PERCENT)
 HIGHEST    92           600 AM
 LOWEST     34           500 PM
 AVERAGE    63

..........................................................


THE FORT WAYNE CLIMATE NORMALS FOR TODAY
                         NORMAL    RECORD    YEAR
 MAXIMUM TEMPERATURE (F)   66        85      1990
                                             1986
                                             1899
 MINIMUM TEMPERATURE (F)   43        28      2012
                                             1976


SUNRISE AND SUNSET
APRIL 27 2018.........SUNRISE   644 AM EDT   SUNSET   833 PM EDT
APRIL 28 2018.........SUNRISE   643 AM EDT   SUNSET   834 PM EDT


-  INDICATES NEGATIVE NUMBERS.
R  INDICATES RECORD WAS SET OR TIED.
MM INDICATES DATA IS MISSING.
T  INDICATES TRACE AMOUNT.




$$
