000
CDUS43 KUNR 250834
CLIGCC


CLIMATE REPORT
NATIONAL WEATHER SERVICE RAPID CITY SD
234 AM MDT FRI MAY 25 2018


...................................

...THE GILLETTE AIRPORT WY CLIMATE SUMMARY FOR MAY 24 2018...

CLIMATE NORMAL PERIOD 1981 TO 2010
CLIMATE RECORD PERIOD 9999 TO 9999


WEATHER ITEM   OBSERVED TIME   NORMAL DEPARTURE LAST
                VALUE   (LST)  VALUE  FROM      YEAR
                                      NORMAL
......................................................
TEMPERATURE (F)
 YESTERDAY
  MAXIMUM         81    447 PM  68     13       80
  MINIMUM         46    221 AM  42      4       38
  AVERAGE         64            55      9       59

PRECIPITATION (IN)
  YESTERDAY        0.00          0.09  -0.09     0.00
  MONTH TO DATE    0.79          1.86  -1.07     1.22
  SINCE MAR 1      3.67          4.29  -0.62     6.32
  SINCE JAN 1      5.46          5.07   0.39     7.16

DEGREE DAYS
 HEATING
  YESTERDAY        1            10     -9        6
  MONTH TO DATE  228           321    -93      297
  SINCE MAR 1   1838          1929    -91     1650
  SINCE JUL 1   7322          7337    -15     6407

 COOLING
  YESTERDAY        0             0      0        0
  MONTH TO DATE    1             0      1        4
  SINCE MAR 1      1             0      1        4
  SINCE JAN 1      1             0      1        4
......................................................


WIND (MPH)
  HIGHEST WIND SPEED    14   HIGHEST WIND DIRECTION     N (360)
  HIGHEST GUST SPEED    21   HIGHEST GUST DIRECTION     W (270)
  AVERAGE WIND SPEED     6.9


SKY COVER
  AVERAGE SKY COVER 0.1


WEATHER CONDITIONS
 THE FOLLOWING WEATHER WAS RECORDED YESTERDAY.
  NO SIGNIFICANT WEATHER WAS OBSERVED.


RELATIVE HUMIDITY (PERCENT)
 HIGHEST    93           900 PM
 LOWEST     32           200 PM
 AVERAGE    63

..........................................................




SUNRISE AND SUNSET
MAY 25 2018...........SUNRISE   526 AM MDT   SUNSET   833 PM MDT
MAY 26 2018...........SUNRISE   525 AM MDT   SUNSET   834 PM MDT


-  INDICATES NEGATIVE NUMBERS.
R  INDICATES RECORD WAS SET OR TIED.
MM INDICATES DATA IS MISSING.
T  INDICATES TRACE AMOUNT.




$$
