450
CDUS43 KDDC 260708
CLIGCK


CLIMATE REPORT
NATIONAL WEATHER SERVICE DODGE CITY KS
207 AM CDT THU APR 26 2018


...................................

...THE GARDEN CITY REGIONAL ARPT KS CLIMATE SUMMARY FOR APRIL 25 2018...

CLIMATE NORMAL PERIOD 1981 TO 2010
CLIMATE RECORD PERIOD 1948 TO 2018


WEATHER ITEM   OBSERVED TIME   RECORD YEAR NORMAL DEPARTURE LAST
                VALUE   (LST)  VALUE       VALUE  FROM      YEAR
                                                  NORMAL
..................................................................
TEMPERATURE (F)
 YESTERDAY
  MAXIMUM         59    446 PM  92    2012  70    -11       58
  MINIMUM         33    636 AM  28    1978  42     -9       43
  AVERAGE         46                        56    -10       51

PRECIPITATION (IN)
  YESTERDAY        0.01          1.20 1990   0.06  -0.05     0.00
  MONTH TO DATE    0.40                      1.38  -0.98     1.49
  SINCE MAR 1      0.78                      2.84  -2.06     3.99
  SINCE JAN 1      0.78                      3.72  -2.94     5.28

DEGREE DAYS
 HEATING
  YESTERDAY       19                        10      9
  MONTH TO DATE  471                       332    139
  SINCE MAR 1   1049                       996     53
  SINCE JUL 1   4933                      5020    -87

 COOLING
  YESTERDAY        0                         1     -1
  MONTH TO DATE    1                         6     -5
  SINCE MAR 1      5                         6     -1
  SINCE JAN 1      5                         6     -1
..................................................................


WIND (MPH)
  HIGHEST WIND SPEED    24   HIGHEST WIND DIRECTION     N (350)
  HIGHEST GUST SPEED    31   HIGHEST GUST DIRECTION     N (340)
  AVERAGE WIND SPEED    13.0



WEATHER CONDITIONS
 THE FOLLOWING WEATHER WAS RECORDED YESTERDAY.
  LIGHT RAIN


RELATIVE HUMIDITY (PERCENT)
 HIGHEST    92          1200 AM
 LOWEST     40           400 PM
 AVERAGE    66

..........................................................


THE GARDEN CITY REGIONAL ARPT KS CLIMATE NORMALS FOR TODAY
                         NORMAL    RECORD    YEAR
 MAXIMUM TEMPERATURE (F)   71        94      1956
 MINIMUM TEMPERATURE (F)   43        27      2006


SUNRISE AND SUNSET
APRIL 26 2018.........SUNRISE   653 AM CDT   SUNSET   829 PM CDT
APRIL 27 2018.........SUNRISE   652 AM CDT   SUNSET   830 PM CDT


-  INDICATES NEGATIVE NUMBERS.
R  INDICATES RECORD WAS SET OR TIED.
MM INDICATES DATA IS MISSING.
T  INDICATES TRACE AMOUNT.




$$
