000
CDUS43 KIND 242036
CLIGEZ


CLIMATE REPORT
NATIONAL WEATHER SERVICE INDIANAPOLIS IN
435 PM EDT THU MAY 24 2018


...................................

...THE SHELBYVILLE IN CLIMATE SUMMARY FOR MAY 24 2018...
VALID TODAY AS OF 0400 PM LOCAL TIME.

CLIMATE NORMAL PERIOD 1981 TO 2010
CLIMATE RECORD PERIOD 9999 TO 9999


WEATHER ITEM   OBSERVED TIME   NORMAL DEPARTURE LAST
                VALUE   (LST)  VALUE  FROM      YEAR
                                      NORMAL
......................................................
TEMPERATURE (F)
 TODAY
  MAXIMUM         85    242 PM  76      9       66
  MINIMUM         58    538 AM  55      3       60
  AVERAGE         72            66      6       63

PRECIPITATION (IN)
  TODAY            0.00          0.16  -0.16     0.29
  MONTH TO DATE    1.61          4.29  -2.68     4.94
  SINCE MAR 1      9.88         12.04  -2.16    12.20
  SINCE JAN 1     18.06         16.79   1.27    17.64

......................................................


WIND (MPH)
  HIGHEST WIND SPEED    14   HIGHEST WIND DIRECTION     E (100)
  HIGHEST GUST SPEED    18   HIGHEST GUST DIRECTION     E (100)
  AVERAGE WIND SPEED     6.8


SKY COVER
  AVERAGE SKY COVER 0.0


WEATHER CONDITIONS
 THE FOLLOWING WEATHER WAS RECORDED TODAY.
  HAZE


RELATIVE HUMIDITY (PERCENT)
 HIGHEST    80           400 AM
 LOWEST     28           200 PM

..........................................................


THE SHELBYVILLE IN CLIMATE NORMALS FOR TOMORROW
                         NORMAL
 MAXIMUM TEMPERATURE (F)   76
 MINIMUM TEMPERATURE (F)   55


SUNRISE AND SUNSET
MAY 24 2018...........SUNRISE   622 AM EDT   SUNSET   859 PM EDT
MAY 25 2018...........SUNRISE   621 AM EDT   SUNSET   859 PM EDT


-  INDICATES NEGATIVE NUMBERS.
R  INDICATES RECORD WAS SET OR TIED.
MM INDICATES DATA IS MISSING.
T  INDICATES TRACE AMOUNT.




$$
