000
CDUS44 KSHV 240750
CLIGGG


CLIMATE REPORT
NATIONAL WEATHER SERVICE SHREVEPORT, LA
245 AM CDT TUE APR 24 2018


...................................

...THE LONGVIEW CLIMATE SUMMARY FOR APRIL 23 2018...

CLIMATE NORMAL PERIOD 1981 TO 2010
CLIMATE RECORD PERIOD 1902 TO 2018


WEATHER ITEM   OBSERVED TIME   RECORD YEAR NORMAL DEPARTURE LAST
                VALUE   (LST)  VALUE       VALUE  FROM      YEAR
                                                  NORMAL
..................................................................
TEMPERATURE (F)
 YESTERDAY
  MAXIMUM         70    353 PM  91    2011  78     -8       73
  MINIMUM         50    519 AM  39    1959  55     -5       49
  AVERAGE         60                        67     -7       61

PRECIPITATION (IN)
  YESTERDAY        0.00          3.83 1995   0.11  -0.11     0.00
  MONTH TO DATE    4.82                      2.43   2.39     5.65
  SINCE DEC 1     28.47                     18.63   9.84    20.87
  SINCE JAN 1     23.14                     14.14   9.00    16.07

SNOWFALL (IN)
  YESTERDAY        0.0
  MONTH TO DATE    0.0
  SINCE MAR 1      0.0
  SINCE JUL 1      1.5
  SNOW DEPTH       0

DEGREE DAYS
 HEATING
  YESTERDAY        5                         2      3        4
  MONTH TO DATE  130                        82     48       25
  SINCE MAR 1    276                       337    -61      172
  SINCE JUL 1   2070                      2241   -171     1273

 COOLING
  YESTERDAY        0                         3     -3        0
  MONTH TO DATE   36                        57    -21      114
  SINCE MAR 1     98                        84     14      212
  SINCE JAN 1    134                        96     38      283
..................................................................


WIND (MPH)
  HIGHEST WIND SPEED    16   HIGHEST WIND DIRECTION    NW (300)
  HIGHEST GUST SPEED    20   HIGHEST GUST DIRECTION    NW (300)
  AVERAGE WIND SPEED     8.0


SKY COVER
  POSSIBLE SUNSHINE  MM
  AVERAGE SKY COVER 0.5


WEATHER CONDITIONS
 THE FOLLOWING WEATHER WAS RECORDED YESTERDAY.
  NO SIGNIFICANT WEATHER WAS OBSERVED.


RELATIVE HUMIDITY (PERCENT)
 HIGHEST   100           500 AM
 LOWEST     61           400 PM
 AVERAGE    81

..........................................................


THE LONGVIEW CLIMATE NORMALS FOR TODAY
                         NORMAL    RECORD    YEAR
 MAXIMUM TEMPERATURE (F)   78        92      1935
 MINIMUM TEMPERATURE (F)   56        38      2005


SUNRISE AND SUNSET
APRIL 24 2018.........SUNRISE   639 AM CDT   SUNSET   755 PM CDT
APRIL 25 2018.........SUNRISE   638 AM CDT   SUNSET   756 PM CDT


-  INDICATES NEGATIVE NUMBERS.
R  INDICATES RECORD WAS SET OR TIED.
MM INDICATES DATA IS MISSING.
T  INDICATES TRACE AMOUNT.




$$
