000
CDUS44 KJAN 280641
CLIGLH


CLIMATE REPORT
NATIONAL WEATHER SERVICE JACKSON MS
139 AM CDT MON MAY 28 2018


...................................

...THE GREENVILLE CLIMATE SUMMARY FOR MAY 27 2018...

CLIMATE NORMAL PERIOD 1981 TO 2010
CLIMATE RECORD PERIOD 1903 TO 2018


WEATHER ITEM   OBSERVED TIME   RECORD YEAR NORMAL DEPARTURE LAST
                VALUE   (LST)  VALUE       VALUE  FROM      YEAR
                                                  NORMAL
..................................................................
TEMPERATURE (F)
 YESTERDAY
  MAXIMUM         88    525 PM  98    1911  85      3       90
  MINIMUM         65    326 AM  43    1961  65      0       72
  AVERAGE         77                        75      2       81

PRECIPITATION (IN)
  YESTERDAY        0.00          2.29 1924   0.13  -0.13     0.00
  MONTH TO DATE    1.52                      4.45  -2.93     1.12
  SINCE MAR 1     12.09                     13.81  -1.72     7.78
  SINCE JAN 1     25.08                     23.80   1.28    15.81

SNOWFALL (IN)
  YESTERDAY        0.0

DEGREE DAYS
 HEATING
  YESTERDAY        0                         0      0        0
  MONTH TO DATE    0                        10    -10       20
  SINCE MAR 1    464                       462      2      297
  SINCE JUL 1   2677                      2771    -94     1830

 COOLING
  YESTERDAY       12                        10      2       16
  MONTH TO DATE  313                       195    118      164
  SINCE MAR 1    349                       276     73      330
  SINCE JAN 1    371                       281     90      359
..................................................................


WIND (MPH)
  HIGHEST WIND SPEED    12   HIGHEST WIND DIRECTION    SE (120)
  HIGHEST GUST SPEED    15   HIGHEST GUST DIRECTION     E (90)
  AVERAGE WIND SPEED     4.3


SKY COVER
  POSSIBLE SUNSHINE  MM
  AVERAGE SKY COVER 0.1


WEATHER CONDITIONS
 THE FOLLOWING WEATHER WAS RECORDED YESTERDAY.
  FOG


RELATIVE HUMIDITY (PERCENT)
 HIGHEST    93           200 AM
 LOWEST     50           200 PM
 AVERAGE    72

..........................................................


THE GREENVILLE CLIMATE NORMALS FOR TODAY
                         NORMAL    RECORD    YEAR
 MAXIMUM TEMPERATURE (F)   85        98      1911
 MINIMUM TEMPERATURE (F)   65        45      1961


SUNRISE AND SUNSET
MAY 28 2018...........SUNRISE   556 AM CDT   SUNSET   806 PM CDT
MAY 29 2018...........SUNRISE   556 AM CDT   SUNSET   807 PM CDT


-  INDICATES NEGATIVE NUMBERS.
R  INDICATES RECORD WAS SET OR TIED.
MM INDICATES DATA IS MISSING.
T  INDICATES TRACE AMOUNT.




$$
