000
CDUS43 KGRB 250750
CLIGRB


CLIMATE REPORT
NATIONAL WEATHER SERVICE GREEN BAY
250 AM CDT WED APR 25 2018


...................................

...THE GREEN BAY WI CLIMATE SUMMARY FOR APRIL 24 2018...

CLIMATE NORMAL PERIOD 1981 TO 2010
CLIMATE RECORD PERIOD 1886 TO 2018


WEATHER ITEM   OBSERVED TIME   RECORD YEAR NORMAL DEPARTURE LAST
                VALUE   (LST)  VALUE       VALUE  FROM      YEAR
                                                  NORMAL
..................................................................
TEMPERATURE (F)
 YESTERDAY
  MAXIMUM         65    235 PM  86    1990  58      7       68
  MINIMUM         35    516 AM  21    1956  37     -2       34
  AVERAGE         50                        47      3       51

PRECIPITATION (IN)
  YESTERDAY        0.00          1.75 1994   0.09  -0.09     0.00
  MONTH TO DATE    4.85                      2.09   2.76     3.07
  SINCE MAR 1      5.84                      3.94   1.90     5.37
  SINCE JAN 1      8.34                      6.18   2.16     8.62

SNOWFALL (IN)
  YESTERDAY        0.0           4.0  1907   0.1   -0.1      0.0
  MONTH TO DATE   36.7                       2.7   34.0      0.0
  SINCE MAR 1     43.7                      10.8   32.9      9.0
  SINCE JUL 1     68.1                      51.0   17.1     53.2
  SNOW DEPTH       T

DEGREE DAYS
 HEATING
  YESTERDAY       15                        18     -3       14
  MONTH TO DATE  773                       539    234      387
  SINCE MAR 1   1808                      1599    209     1411
  SINCE JUL 1   7262                      7439   -177     5984

 COOLING
  YESTERDAY        0                         0      0        0
  MONTH TO DATE    0                         0      0        0
  SINCE MAR 1      0                         0      0        0
  SINCE JAN 1      0                         0      0        0
..................................................................


WIND (MPH)
  HIGHEST WIND SPEED    26   HIGHEST WIND DIRECTION    NE (50)
  HIGHEST GUST SPEED    32   HIGHEST GUST DIRECTION    NE (40)
  AVERAGE WIND SPEED     8.7


SKY COVER
  POSSIBLE SUNSHINE  MM
  AVERAGE SKY COVER 0.3


WEATHER CONDITIONS
 THE FOLLOWING WEATHER WAS RECORDED YESTERDAY.
  NO SIGNIFICANT WEATHER WAS OBSERVED.


RELATIVE HUMIDITY (PERCENT)
 HIGHEST    92           600 AM
 LOWEST     28           100 PM
 AVERAGE    60

..........................................................


THE GREEN BAY WI CLIMATE NORMALS FOR TODAY
                         NORMAL    RECORD    YEAR
 MAXIMUM TEMPERATURE (F)   59        88      1990
 MINIMUM TEMPERATURE (F)   37        25      1967


SUNRISE AND SUNSET
APRIL 25 2018.........SUNRISE   552 AM CDT   SUNSET   750 PM CDT
APRIL 26 2018.........SUNRISE   551 AM CDT   SUNSET   751 PM CDT


-  INDICATES NEGATIVE NUMBERS.
R  INDICATES RECORD WAS SET OR TIED.
MM INDICATES DATA IS MISSING.
T  INDICATES TRACE AMOUNT.




$$
