000
CDUS43 KGID 250655
CLIGRI


CLIMATE REPORT
NATIONAL WEATHER SERVICE HASTINGS NE
154 AM CDT WED APR 25 2018


...................................

...THE GRAND ISLAND NE CLIMATE SUMMARY FOR APRIL 24 2018...

CLIMATE NORMAL PERIOD 1981 TO 2010
CLIMATE RECORD PERIOD 1895 TO 2018


WEATHER ITEM   OBSERVED TIME   RECORD YEAR NORMAL DEPARTURE LAST
                VALUE   (LST)  VALUE       VALUE  FROM      YEAR
                                                  NORMAL
..................................................................
TEMPERATURE (F)
 YESTERDAY
  MAXIMUM         54    736 AM  96    2012  66    -12       75
  MINIMUM         42   1159 PM  22    1956  41      1       49
  AVERAGE         48                        54     -6       62

PRECIPITATION (IN)
  YESTERDAY        0.23          2.67 2007   0.10   0.13      T
  MONTH TO DATE    1.24                      1.91  -0.67     0.13
  SINCE MAR 1      2.50                      3.71  -1.21     0.94
  SINCE JAN 1      4.33                      4.92  -0.59     2.26

SNOWFALL (IN)
  YESTERDAY        0.0           2.8  1931   0.0    0.0      0.0
  MONTH TO DATE    4.1                       1.4    2.7      0.0
  SINCE MAR 1      4.5                       6.8   -2.3      1.2
  SINCE JUL 1     33.6                      28.9    4.7      8.9
  SNOW DEPTH       0

DEGREE DAYS
 HEATING
  YESTERDAY       17                        12      5        3
  MONTH TO DATE  611                       380    231      264
  SINCE MAR 1   1371                      1176    195      961
  SINCE JUL 1   6146                      5937    209     5027

 COOLING
  YESTERDAY        0                         1     -1        0
  MONTH TO DATE    0                         5     -5        5
  SINCE MAR 1      0                         5     -5        5
  SINCE JAN 1      0                         5     -5        5
..................................................................


WIND (MPH)
  HIGHEST WIND SPEED    25   HIGHEST WIND DIRECTION    NW (320)
  HIGHEST GUST SPEED    32   HIGHEST GUST DIRECTION     N (360)
  AVERAGE WIND SPEED    13.7


SKY COVER
  AVERAGE SKY COVER 0.9


WEATHER CONDITIONS
 THE FOLLOWING WEATHER WAS RECORDED YESTERDAY.
  LIGHT RAIN
  FOG
  HAZE


RELATIVE HUMIDITY (PERCENT)
 HIGHEST    93           500 PM
 LOWEST     63          1200 AM
 AVERAGE    78

..........................................................


THE GRAND ISLAND NE CLIMATE NORMALS FOR TODAY
                         NORMAL    RECORD    YEAR
 MAXIMUM TEMPERATURE (F)   66        92      1981
 MINIMUM TEMPERATURE (F)   42        27      2002


SUNRISE AND SUNSET
APRIL 25 2018.........SUNRISE   639 AM CDT   SUNSET   824 PM CDT
APRIL 26 2018.........SUNRISE   638 AM CDT   SUNSET   825 PM CDT


-  INDICATES NEGATIVE NUMBERS.
R  INDICATES RECORD WAS SET OR TIED.
MM INDICATES DATA IS MISSING.
T  INDICATES TRACE AMOUNT.




$$
