577
CDUS42 KGSP 240647
CLIGSP

CLIMATE REPORT
NATIONAL WEATHER SERVICE GREENVILLE-SPARTANBURG SC
247 AM EDT TUE APR 24 2018


...................................

...THE GREENVILLE-SPARTANBURG SC CLIMATE SUMMARY FOR APRIL 23 2018...

CLIMATE NORMAL PERIOD 1981 TO 2010
CLIMATE RECORD PERIOD 1884 TO 2018


WEATHER ITEM   OBSERVED TIME   RECORD YEAR NORMAL DEPARTURE LAST
                VALUE   (LST)  VALUE       VALUE  FROM      YEAR
                                                  NORMAL
..................................................................
TEMPERATURE (F)
 YESTERDAY
  MAXIMUM         58    918 PM  91    1980  75    -17       61
                                      1963
                                      1960
  MINIMUM         52    732 AM  32    1982  50      2       49
  AVERAGE         55                        62     -7       55

PRECIPITATION (IN)
  YESTERDAY        2.10R         1.83 2017   0.11   1.99     1.83
  MONTH TO DATE    4.94                      2.58   2.36     5.41
  SINCE MAR 1      8.50                      7.10   1.40    12.76
  SINCE JAN 1     16.77                     14.89   1.88    18.48

SNOWFALL (IN)
  YESTERDAY        0.0           0.0    MM   0.0    0.0      0.0
  MONTH TO DATE    0.0                       0.0    0.0      0.0
  SINCE MAR 1      0.0                       0.9   -0.9      0.5
  SINCE JUL 1      4.7                       4.7    0.0      3.6
  SNOW DEPTH       0

DEGREE DAYS
 HEATING
  YESTERDAY       10                         4      6       10
  MONTH TO DATE  181                       148     33       63
  SINCE MAR 1    621                       532     89      417
  SINCE JUL 1   2892                      2981    -89     2143

 COOLING
  YESTERDAY        0                         2     -2        0
  MONTH TO DATE   12                        27    -15       55
  SINCE MAR 1     13                        35    -22       71
  SINCE JAN 1     33                        35     -2       77
..................................................................


WIND (MPH)
  HIGHEST WIND SPEED    21   HIGHEST WIND DIRECTION     E (70)
  HIGHEST GUST SPEED    29   HIGHEST GUST DIRECTION    NE (50)
  AVERAGE WIND SPEED    13.2


SKY COVER
  POSSIBLE SUNSHINE  MM
  AVERAGE SKY COVER 1.0


WEATHER CONDITIONS
 THE FOLLOWING WEATHER WAS RECORDED YESTERDAY.
  HEAVY RAIN
  RAIN
  LIGHT RAIN
  FOG


RELATIVE HUMIDITY (PERCENT)
 HIGHEST   100           500 AM
 LOWEST     86          1200 AM
 AVERAGE    93

..........................................................


THE GREENVILLE-SPARTANBURG SC CLIMATE NORMALS FOR TODAY
                         NORMAL    RECORD    YEAR
 MAXIMUM TEMPERATURE (F)   75        92      1925
 MINIMUM TEMPERATURE (F)   51        31      1986
                                             1903


SUNRISE AND SUNSET
APRIL 24 2018.........SUNRISE   646 AM EDT   SUNSET   809 PM EDT
APRIL 25 2018.........SUNRISE   645 AM EDT   SUNSET   809 PM EDT


-  INDICATES NEGATIVE NUMBERS.
R  INDICATES RECORD WAS SET OR TIED.
MM INDICATES DATA IS MISSING.
T  INDICATES TRACE AMOUNT.

$$

OUTLAW
