000
CDUS44 KAMA 240631
CLIGUY


CLIMATE REPORT
NATIONAL WEATHER SERVICE AMARILLO TX
127 AM CDT THU MAY 24 2018


...................................

...THE GUYMON CLIMATE SUMMARY FOR MAY 23 2018...

CLIMATE NORMAL PERIOD 1981 TO 2010
CLIMATE RECORD PERIOD 1998 TO 2018


WEATHER ITEM   OBSERVED TIME   RECORD YEAR NORMAL DEPARTURE LAST
                VALUE   (LST)  VALUE       VALUE  FROM      YEAR
                                                  NORMAL
..................................................................
TEMPERATURE (F)
 YESTERDAY
  MAXIMUM         88    316 PM  MM      MM  81      7       68
  MINIMUM         59    547 AM  MM      MM  53      6       48
  AVERAGE         74                        67      7       58

PRECIPITATION (IN)
  YESTERDAY        0.20         MM      MM   0.10   0.10     0.21
  MONTH TO DATE    0.55                      1.58  -1.03     2.11
  SINCE MAR 1      1.65                      4.52  -2.87     8.10
  SINCE JAN 1      1.67                      5.39  -3.72    10.12

SNOWFALL (IN)
  YESTERDAY        0.0          MM      MM  MM     MM        0.0
  MONTH TO DATE    0.0                      MM     MM        0.0
  SINCE MAR 1      T                        MM     MM        3.0
  SINCE JUL 1      T                        MM     MM        3.8
  SNOW DEPTH       0

DEGREE DAYS
 HEATING
  YESTERDAY        0                         2     -2        7
  MONTH TO DATE   11                        85    -74       97
  SINCE MAR 1    856                       971   -115      761
  SINCE JUL 1   4066                      4438   -372     3664

 COOLING
  YESTERDAY        9                         4      5        0
  MONTH TO DATE  150                        56     94       38
  SINCE MAR 1    178                        71    107       95
  SINCE JAN 1    178                        71    107      103
..................................................................


WIND (MPH)
  RESULTANT WIND SPEED  10   RESULTANT WIND DIRECTION   S (180)
  HIGHEST WIND SPEED    43   HIGHEST WIND DIRECTION     W (260)
  HIGHEST GUST SPEED    54   HIGHEST GUST DIRECTION     W (260)
  AVERAGE WIND SPEED    13.7


SKY COVER
  AVERAGE SKY COVER 0.4


WEATHER CONDITIONS
 THE FOLLOWING WEATHER WAS RECORDED YESTERDAY.
  THUNDERSTORM
  LIGHT RAIN
  FOG


RELATIVE HUMIDITY (PERCENT)
 HIGHEST   100           800 AM
 LOWEST     35           300 PM
 AVERAGE    68

..........................................................


THE GUYMON CLIMATE NORMALS FOR TODAY
                         NORMAL    RECORD    YEAR
 MAXIMUM TEMPERATURE (F)   81        MM        MM
 MINIMUM TEMPERATURE (F)   54        MM        MM


SUNRISE AND SUNSET
MAY 24 2018...........SUNRISE   632 AM CDT   SUNSET   854 PM CDT
MAY 25 2018...........SUNRISE   632 AM CDT   SUNSET   854 PM CDT


-  INDICATES NEGATIVE NUMBERS.
R  INDICATES RECORD WAS SET OR TIED.
MM INDICATES DATA IS MISSING.
T  INDICATES TRACE AMOUNT.




$$
