000
CDUS42 KFFC 232042
CLIGVL


CLIMATE REPORT
NATIONAL WEATHER SERVICE PEACHTREE CITY GA
442 PM EDT MON APR 23 2018


...................................

...THE GAINESVILLE   CLIMATE SUMMARY FOR APRIL 23 2018...
VALID TODAY AS OF 0400 PM LOCAL TIME.

CLIMATE NORMAL PERIOD 1981 TO 2010
CLIMATE RECORD PERIOD 9999 TO 9999


WEATHER ITEM   OBSERVED TIME   RECORD YEAR NORMAL DEPARTURE LAST
                VALUE   (LST)  VALUE       VALUE  FROM      YEAR
                                                  NORMAL
..................................................................
TEMPERATURE (F)
 TODAY
  MAXIMUM         58    309 PM  MM      MM  73    -15       60
  MINIMUM         54   1126 AM  MM      MM  52      2       51
  AVERAGE         56                        62     -6       56

PRECIPITATION (IN)
  TODAY            3.05         MM      MM   0.13   2.92     1.46
  MONTH TO DATE    4.80                      2.70   2.10     5.30
  SINCE MAR 1      8.28                      8.12   0.16     9.14
  SINCE JAN 1     17.16                     18.02  -0.86    16.89

SNOWFALL (IN)
  TODAY            0.0          MM      MM  MM     MM        0.0
  MONTH TO DATE    0.0                      MM     MM        0.0
  SINCE MAR 1      0.0                      MM     MM        0.0
  SINCE JUL 1      0.0                      MM     MM        0.0
  SNOW DEPTH       0

DEGREE DAYS
 HEATING
  TODAY            9                         4      5        9
  MONTH TO DATE  185                       150     35       62
  SINCE MAR 1    637                       538     99      386
  SINCE JUL 1   2836                      3002   -166     2116

 COOLING
  TODAY            0                         1     -1        0
  MONTH TO DATE   13                        21     -8       60
  SINCE MAR 1     13                        26    -13       79
  SINCE JAN 1     28                        26      2       79
..................................................................


WIND (MPH)
  RESULTANT WIND SPEED  13   RESULTANT WIND DIRECTION   E (90)
  HIGHEST WIND SPEED    22   HIGHEST WIND DIRECTION     E (100)
  HIGHEST GUST SPEED    32   HIGHEST GUST DIRECTION     E (80)
  AVERAGE WIND SPEED    13.3


SKY COVER
  AVERAGE SKY COVER 0.9


WEATHER CONDITIONS
 THE FOLLOWING WEATHER WAS RECORDED TODAY.
  HEAVY RAIN
  RAIN
  LIGHT RAIN
  FOG


RELATIVE HUMIDITY (PERCENT)
 HIGHEST   100           100 AM
 LOWEST     93           200 AM
 AVERAGE    97

..........................................................


THE GAINESVILLE   CLIMATE NORMALS FOR TOMORROW
                         NORMAL    RECORD    YEAR
 MAXIMUM TEMPERATURE (F)   73        MM        MM
 MINIMUM TEMPERATURE (F)   52        MM        MM


SUNRISE AND SUNSET
APRIL 23 2018.........SUNRISE   654 AM EDT   SUNSET   813 PM EDT
APRIL 24 2018.........SUNRISE   653 AM EDT   SUNSET   814 PM EDT


-  INDICATES NEGATIVE NUMBERS.
R  INDICATES RECORD WAS SET OR TIED.
MM INDICATES DATA IS MISSING.
T  INDICATES TRACE AMOUNT.




$$
