000
CDUS46 KPQR 200221
CLIHIO


CLIMATE REPORT
NATIONAL WEATHER SERVICE PORTLAND OREGON
721 PM PDT THU APR 19 2018


...................................

...THE HILLSBORO OR CLIMATE SUMMARY FOR APRIL 19 2018...
VALID TODAY AS OF 0700 PM LOCAL TIME.

CLIMATE NORMAL PERIOD 1981 TO 2010
CLIMATE RECORD PERIOD 1929 TO 2018


WEATHER ITEM   OBSERVED TIME   RECORD YEAR NORMAL DEPARTURE LAST
                VALUE   (LST)  VALUE       VALUE  FROM      YEAR
                                                  NORMAL
..................................................................
TEMPERATURE (F)
 TODAY
  MAXIMUM         67    520 PM  88    1934  61      6       55
  MINIMUM         34    531 AM  29    1977  40     -6       41
  AVERAGE         51                        50      1       48

PRECIPITATION (IN)
  TODAY            0.00                      0.09  -0.09     0.33
  MONTH TO DATE    2.88                      2.00   0.88     2.45
  SINCE OCT 1     25.29                     32.59  -7.30    43.26
  SINCE JAN 1     12.99                     16.20  -3.21    23.58

DEGREE DAYS
 HEATING
  TODAY           14                                        17
  MONTH TO DATE  297                                       303
  SINCE MAR 1    921                                       855
  SINCE JUL 1   4147                                      4384

 COOLING
  TODAY            0                                         0
  MONTH TO DATE    0                                         0
  SINCE MAR 1      0                                         0
  SINCE JAN 1      0                                         0
..................................................................


WIND (MPH)
  HIGHEST WIND SPEED    14   HIGHEST WIND DIRECTION    NW (320)
  HIGHEST GUST SPEED    18   HIGHEST GUST DIRECTION     N (340)
  AVERAGE WIND SPEED     2.8


SKY COVER
  POSSIBLE SUNSHINE  MM
  AVERAGE SKY COVER 0.0


WEATHER CONDITIONS
 THE FOLLOWING WEATHER WAS RECORDED TODAY.
  NO SIGNIFICANT WEATHER WAS OBSERVED.


RELATIVE HUMIDITY (PERCENT)
 HIGHEST    92           200 AM
 LOWEST     26           400 PM
 AVERAGE    59

..........................................................


THE HILLSBORO OR CLIMATE NORMALS FOR TOMORROW
                         NORMAL    RECORD    YEAR
 MAXIMUM TEMPERATURE (F)   62        88      1956
 MINIMUM TEMPERATURE (F)   40        28      2008


SUNRISE AND SUNSET
APRIL 19 2018.........SUNRISE   619 AM PDT   SUNSET   804 PM PDT
APRIL 20 2018.........SUNRISE   617 AM PDT   SUNSET   805 PM PDT


-  INDICATES NEGATIVE NUMBERS.
R  INDICATES RECORD WAS SET OR TIED.
MM INDICATES DATA IS MISSING.
T  INDICATES TRACE AMOUNT.




$$
