000
CDUS46 KHNX 240023
CLIHJO


CLIMATE REPORT
NATIONAL WEATHER SERVICE SAN JOAQUIN VALLEY, CA
522 PM PDT WED MAY 23 2018


...................................

...THE HANFORD CA CLIMATE SUMMARY FOR MAY 23 2018...
VALID AS OF 0400 PM LOCAL TIME.

CLIMATE NORMAL PERIOD 1981 TO 2010
CLIMATE RECORD PERIOD 1998 TO 2018


WEATHER ITEM   OBSERVED TIME   RECORD YEAR NORMAL DEPARTURE LAST
                VALUE   (LST)  VALUE       VALUE  FROM      YEAR
                                                  NORMAL
..................................................................
TEMPERATURE (F)
 TODAY
  MAXIMUM         87    359 PM 102    2017  86      1      102
  MINIMUM         58    538 AM  44    2010  55      3       62
  AVERAGE         73                        70      3       82

PRECIPITATION (IN)
  TODAY            0.00          T    2016   0.01  -0.01     0.00
  MONTH TO DATE    0.00                      0.34  -0.34     0.39
  SINCE OCT 1      4.70                      9.66  -4.96    11.04
  SINCE JAN 1      4.29                      6.53  -2.24     8.17

SNOWFALL (IN)
  TODAY            0.0
  MONTH TO DATE    0.0
  SINCE MAR 1      0.0
  SINCE JUL 1      0.0
  SNOW DEPTH       0

DEGREE DAYS
 HEATING
  TODAY            0                                         0
  MONTH TO DATE    7                                        24
  SINCE MAR 1    372                                       377
  SINCE JUL 1   2042                                      2104

 COOLING
  TODAY            8                                        17
  MONTH TO DATE  124                                       131
  SINCE MAR 1    193                                       146
  SINCE JAN 1    193                                       146
..................................................................


WIND (MPH)
  HIGHEST WIND SPEED    16   HIGHEST WIND DIRECTION    NW (320)
  HIGHEST GUST SPEED    19   HIGHEST GUST DIRECTION    NW (330)
  AVERAGE WIND SPEED     7.0




RELATIVE HUMIDITY (PERCENT)
 HIGHEST    75
 LOWEST     32
 AVERAGE    54

..........................................................


THE HANFORD CA CLIMATE NORMALS FOR TOMORROW
                         NORMAL    RECORD    YEAR
 MAXIMUM TEMPERATURE (F)   86        99      2001
 MINIMUM TEMPERATURE (F)   55        47      2013


SUNRISE AND SUNSET
MAY 23 2018...........SUNRISE   546 AM PDT   SUNSET   805 PM PDT
MAY 24 2018...........SUNRISE   546 AM PDT   SUNSET   805 PM PDT


-  INDICATES NEGATIVE NUMBERS.
R  INDICATES RECORD WAS SET OR TIED.
MM INDICATES DATA IS MISSING.
T  INDICATES TRACE AMOUNT.




$$
