000
CDUS45 KTFX 262240
CLIHLN


CLIMATE REPORT
NATIONAL WEATHER SERVICE GREAT FALLS MT
440 PM MDT THU APR 26 2018


...................................

...THE HELENA MT CLIMATE SUMMARY FOR APRIL 26 2018...
VALID TODAY AS OF 0400 PM LOCAL TIME.

CLIMATE NORMAL PERIOD 1981 TO 2010
CLIMATE RECORD PERIOD 1866 TO 2018


WEATHER ITEM   OBSERVED TIME   RECORD YEAR NORMAL DEPARTURE LAST
                VALUE   (LST)  VALUE       VALUE  FROM      YEAR
                                                  NORMAL
..................................................................
TEMPERATURE (F)
 TODAY
  MAXIMUM         71    232 PM  84    1910  61     10       55
  MINIMUM         32    413 AM  21    1961  35     -3       35
  AVERAGE         52                        48      4       45

PRECIPITATION (IN)
  TODAY            0.00          1.01 1901   0.03  -0.03     0.03
  MONTH TO DATE    1.42                      0.82   0.60     0.72
  SINCE OCT 1      7.36                      3.64   3.72     5.42
  SINCE JAN 1      4.03                      2.07   1.96     2.44

DEGREE DAYS
 HEATING
  TODAY           13                        17     -4       20
  MONTH TO DATE  629                       536     93      494
  SINCE MAR 1   1622                      1427    195     1207
  SINCE JUL 1   7629                      6988    641     7007

 COOLING
  TODAY            0                         0      0        0
  MONTH TO DATE    0                         0      0        0
  SINCE MAR 1      0                         0      0        0
  SINCE JAN 1      0                         0      0        0
..................................................................


WIND (MPH)
  HIGHEST WIND SPEED    12   HIGHEST WIND DIRECTION    NE (30)
  HIGHEST GUST SPEED    16   HIGHEST GUST DIRECTION    NE (30)
  AVERAGE WIND SPEED     2.3


SKY COVER
  AVERAGE SKY COVER 0.0


WEATHER CONDITIONS
 THE FOLLOWING WEATHER WAS RECORDED TODAY.
  NO SIGNIFICANT WEATHER WAS OBSERVED.


RELATIVE HUMIDITY (PERCENT)
 HIGHEST    89           700 AM
 LOWEST     25           200 PM
 AVERAGE    57

..........................................................


THE HELENA MT CLIMATE NORMALS FOR TOMORROW
                         NORMAL    RECORD    YEAR
 MAXIMUM TEMPERATURE (F)   61        83      1987
 MINIMUM TEMPERATURE (F)   35        15      1907


SUNRISE AND SUNSET
APRIL 26 2018.........SUNRISE   621 AM MDT   SUNSET   831 PM MDT
APRIL 27 2018.........SUNRISE   620 AM MDT   SUNSET   832 PM MDT


-  INDICATES NEGATIVE NUMBERS.
R  INDICATES RECORD WAS SET OR TIED.
MM INDICATES DATA IS MISSING.
T  INDICATES TRACE AMOUNT.




$$
