000
CDUS44 KHGX 280737
CLIHOU


CLIMATE REPORT
NATIONAL WEATHER SERVICE HOUSTON/GALVESTON TX
218 AM CDT MON MAY 28 2018


...................................

...THE HOUSTON/HOBBY AIRPORT CLIMATE SUMMARY FOR MAY 27 2018...

CLIMATE NORMAL PERIOD 1981 TO 2010
CLIMATE RECORD PERIOD 1930 TO 2018


WEATHER ITEM   OBSERVED TIME   RECORD YEAR NORMAL DEPARTURE LAST
                VALUE   (LST)  VALUE       VALUE  FROM      YEAR
                                                  NORMAL
..................................................................
TEMPERATURE (F)
 YESTERDAY
  MAXIMUM         91    305 PM  97    1973  88      3       90
  MINIMUM         68    337 AM  55    1934  71     -3       79
  AVERAGE         80                        79      1       85

PRECIPITATION (IN)
  YESTERDAY        0.00          2.64 2016   0.18  -0.18     0.00
  MONTH TO DATE    3.60                      4.05  -0.45     1.72
  SINCE MAR 1      8.24                     10.50  -2.26    12.85
  SINCE JAN 1     15.48                     17.58  -2.10    18.97

DEGREE DAYS
 COOLING
  YESTERDAY       15                        14      1       20
  MONTH TO DATE  373                       314     59      302
  SINCE MAR 1    627                       556     71      691
  SINCE JAN 1    718                       594    124      878
..................................................................


WIND (MPH)
  HIGHEST WIND SPEED    25   HIGHEST WIND DIRECTION     E (80)
  HIGHEST GUST SPEED    35   HIGHEST GUST DIRECTION     E (90)




RELATIVE HUMIDITY (PERCENT)
 HIGHEST   100
 LOWEST     56
 AVERAGE    78

..........................................................


THE HOUSTON/HOBBY AIRPORT CLIMATE NORMALS FOR TODAY
                         NORMAL    RECORD    YEAR
 MAXIMUM TEMPERATURE (F)   88        97      2010
 MINIMUM TEMPERATURE (F)   71        55      1934


SUNRISE AND SUNSET
MAY 28 2018...........SUNRISE   622 AM CDT   SUNSET   815 PM CDT
MAY 29 2018...........SUNRISE   622 AM CDT   SUNSET   815 PM CDT


-  INDICATES NEGATIVE NUMBERS.
R  INDICATES RECORD WAS SET OR TIED.
MM INDICATES DATA IS MISSING.
T  INDICATES TRACE AMOUNT.




$$
