000
CDUS46 KSEW 210122
CLIHQM


CLIMATE REPORT
NATIONAL WEATHER SERVICE SEATTLE WA
622 PM PDT SUN MAY 20 2018


...................................

...THE HOQUIAM WA AIRPORT CLIMATE SUMMARY FOR MAY 20 2018...
VALID TODAY AS OF 0500 PM LOCAL TIME.

CLIMATE NORMAL PERIOD 1981 TO 2010
CLIMATE RECORD PERIOD 1953 TO 2018


WEATHER ITEM   OBSERVED TIME   RECORD YEAR NORMAL DEPARTURE LAST
                VALUE   (LST)  VALUE       VALUE  FROM      YEAR
                                                  NORMAL
..................................................................
TEMPERATURE (F)
 TODAY
  MAXIMUM         61    227 PM  92    1963  60      1       64
  MINIMUM         53    609 AM  36    1975  47      6       52
  AVERAGE         57                        54      3       58

PRECIPITATION (IN)
  TODAY            0.00          0.88 2007   0.09  -0.09     0.00
  MONTH TO DATE    0.35                      2.23  -1.88     3.81
  SINCE OCT 1     64.74                     59.52   5.22    82.02
  SINCE JAN 1     33.15                     31.86   1.29    40.48

DEGREE DAYS
 HEATING
  TODAY            8                        11     -3        7
  MONTH TO DATE  184                       254    -70      260
  SINCE MAR 1   1223                      1332   -109     1333

 COOLING
  TODAY            0                         0      0        0
  MONTH TO DATE    0                         0      0        0
  SINCE MAR 1      0                         0      0        0
  SINCE JAN 1      0                         0      0        0
..................................................................


WIND (MPH)
  RESULTANT WIND SPEED   9   RESULTANT WIND DIRECTION   W (260)
  HIGHEST WIND SPEED    17   HIGHEST WIND DIRECTION    SW (240)
  HIGHEST GUST SPEED    21   HIGHEST GUST DIRECTION    SW (230)
  AVERAGE WIND SPEED     9.5


SKY COVER
  AVERAGE SKY COVER 1.0


WEATHER CONDITIONS
 THE FOLLOWING WEATHER WAS RECORDED TODAY.
  FOG


RELATIVE HUMIDITY (PERCENT)
 HIGHEST    93           500 AM
 LOWEST     67           400 PM
 AVERAGE    80

..........................................................


THE HOQUIAM WA AIRPORT CLIMATE NORMALS FOR TOMORROW
                         NORMAL    RECORD    YEAR
 MAXIMUM TEMPERATURE (F)   60        86      1988
 MINIMUM TEMPERATURE (F)   47        38      2009
                                             1973
                                             1971


SUNRISE AND SUNSET
MAY 20 2018...........SUNRISE   535 AM PDT   SUNSET   851 PM PDT
MAY 21 2018...........SUNRISE   534 AM PDT   SUNSET   852 PM PDT


-  INDICATES NEGATIVE NUMBERS.
R  INDICATES RECORD WAS SET OR TIED.
MM INDICATES DATA IS MISSING.
T  INDICATES TRACE AMOUNT.




$$
