000
CDUS44 KBRO 192126
CLIHRL


CLIMATE REPORT
NATIONAL WEATHER SERVICE BROWNSVILLE TX
425 PM CDT THU APR 19 2018


...................................

...THE HARLINGEN CLIMATE SUMMARY FOR APRIL 19 2018...
VALID TODAY AS OF 0400 PM LOCAL TIME.

CLIMATE NORMAL PERIOD 1981 TO 2010
CLIMATE RECORD PERIOD 1912 TO 2018


WEATHER ITEM   OBSERVED TIME   RECORD YEAR NORMAL DEPARTURE LAST
                VALUE   (LST)  VALUE       VALUE  FROM      YEAR
                                                  NORMAL
..................................................................
TEMPERATURE (F)
 TODAY
  MAXIMUM         82    244 PM 100    1953  86     -4       90
  MINIMUM         67    219 AM  50    2013  66      1       63
  AVERAGE         75                        76     -1       77

PRECIPITATION (IN)
  TODAY            0.00          1.00 1935   0.07  -0.07     0.00
  MONTH TO DATE    0.33                      1.11  -0.78     0.87
  SINCE MAR 1      0.46                      2.40  -1.94     3.09
  SINCE JAN 1      3.11                      4.87  -1.76     4.40

SNOWFALL (IN)
  TODAY            0.0
  MONTH TO DATE    0.0
  SINCE MAR 1      0.0
  SINCE JUL 1      1.0
  SNOW DEPTH       0

DEGREE DAYS
 HEATING
  TODAY            0                         0      0        0
  MONTH TO DATE    3                         7     -4        0
  SINCE MAR 1      4                        53    -49        4
  SINCE JUL 1    644                       621     23      234

 COOLING
  TODAY           10                        11     -1       12
  MONTH TO DATE  169                       184    -15      218
  SINCE MAR 1    436                       354     82      508
  SINCE JAN 1    642                       479    163      875
..................................................................


WIND (MPH)
  HIGHEST WIND SPEED    25   HIGHEST WIND DIRECTION    NE (40)
  HIGHEST GUST SPEED    30   HIGHEST GUST DIRECTION    NE (40)
  AVERAGE WIND SPEED    11.1



WEATHER CONDITIONS
 THE FOLLOWING WEATHER WAS RECORDED TODAY.
  FOG


RELATIVE HUMIDITY (PERCENT)
 HIGHEST   100
 LOWEST     54
 AVERAGE    77

..........................................................


THE HARLINGEN CLIMATE NORMALS FOR TOMORROW
                         NORMAL    RECORD    YEAR
 MAXIMUM TEMPERATURE (F)   87        97      1951
 MINIMUM TEMPERATURE (F)   66        46      2013


SUNRISE AND SUNSET
APRIL 19 2018.........SUNRISE   703 AM CDT   SUNSET   756 PM CDT
APRIL 20 2018.........SUNRISE   703 AM CDT   SUNSET   757 PM CDT


-  INDICATES NEGATIVE NUMBERS.
R  INDICATES RECORD WAS SET OR TIED.
MM INDICATES DATA IS MISSING.
T  INDICATES TRACE AMOUNT.




$$
