000
CDUS41 KCAR 230551
CLIHUL


CLIMATE REPORT
NATIONAL WEATHER SERVICE CARIBOU, ME
151 AM EDT MON APR 23 2018


...................................

...THE HOULTON ME CLIMATE SUMMARY FOR APRIL 22 2018...

CLIMATE NORMAL PERIOD 1981 TO 2010
CLIMATE RECORD PERIOD 1948 TO 2018


WEATHER ITEM   OBSERVED TIME   RECORD YEAR NORMAL DEPARTURE LAST
                VALUE   (LST)  VALUE       VALUE  FROM      YEAR
                                                  NORMAL
..................................................................
TEMPERATURE (F)
 YESTERDAY
  MAXIMUM         51    332 PM  72    2016  54     -3       36
                                      1954
  MINIMUM         23    453 AM  18    2013  31     -8       32
                                      1985
  AVERAGE         37                        42     -5       34

PRECIPITATION (IN)
  YESTERDAY        0.00          1.35 1958   0.12  -0.12     0.20
  MONTH TO DATE    1.82                      2.80  -0.98     3.02
  SINCE MAR 1      3.81                      5.39  -1.58     4.55
  SINCE JAN 1      9.49                     10.25  -0.76     9.00

SNOWFALL (IN)
  YESTERDAY       MM             8.3  1989   0.1   MM       MM
  MONTH TO DATE   MM                         5.3   MM       MM
  SINCE MAR 1     MM                        23.1   MM       MM
  SINCE JUL 1     MM                        88.7   MM       MM
  SNOW DEPTH      MM

DEGREE DAYS
 HEATING
  YESTERDAY       28                        23      5       31
  MONTH TO DATE  718                       611    107      559
  SINCE MAR 1   1845                      1834     11     1887
  SINCE JUL 1   7913                      8407   -494     7848

 COOLING
  YESTERDAY        0                         0      0        0
  MONTH TO DATE    0                         0      0        0
  SINCE MAR 1      0                         0      0        0
  SINCE JAN 1      0                         0      0        0
..................................................................


WIND (MPH)
  HIGHEST WIND SPEED    17   HIGHEST WIND DIRECTION    NW (330)
  HIGHEST GUST SPEED    24   HIGHEST GUST DIRECTION     N (340)
  AVERAGE WIND SPEED     5.1


SKY COVER
  POSSIBLE SUNSHINE  MM
  AVERAGE SKY COVER 0.0


WEATHER CONDITIONS
 THE FOLLOWING WEATHER WAS RECORDED YESTERDAY.
  NO SIGNIFICANT WEATHER WAS OBSERVED.


RELATIVE HUMIDITY (PERCENT)
 HIGHEST    88           300 AM
 LOWEST     17           300 PM
 AVERAGE    53

..........................................................


THE HOULTON ME CLIMATE NORMALS FOR TODAY
                         NORMAL    RECORD    YEAR
 MAXIMUM TEMPERATURE (F)   54        79      2007
 MINIMUM TEMPERATURE (F)   31        20      1985


SUNRISE AND SUNSET
APRIL 23 2018.........SUNRISE   531 AM EDT   SUNSET   729 PM EDT
APRIL 24 2018.........SUNRISE   529 AM EDT   SUNSET   730 PM EDT


-  INDICATES NEGATIVE NUMBERS.
R  INDICATES RECORD WAS SET OR TIED.
MM INDICATES DATA IS MISSING.
T  INDICATES TRACE AMOUNT.




$$
