000
CDUS43 KUNR 200831
CLIICR


CLIMATE REPORT
NATIONAL WEATHER SERVICE RAPID CITY SD
231 AM MDT FRI APR 20 2018


...................................

...THE WINNER REGIONAL AIRPORT SD CLIMATE SUMMARY FOR APRIL 19 2018...

CLIMATE NORMAL PERIOD 1981 TO 2010
CLIMATE RECORD PERIOD 9999 TO 9999


WEATHER ITEM   OBSERVED TIME   NORMAL DEPARTURE LAST
                VALUE   (LST)  VALUE  FROM      YEAR
                                      NORMAL
......................................................
TEMPERATURE (F)
 YESTERDAY
  MAXIMUM         47    357 PM  61    -14       55
  MINIMUM         25    614 AM  37    -12       45
  AVERAGE         36            49    -13       50

PRECIPITATION (IN)
  YESTERDAY        0.00          0.09  -0.09     0.36
  MONTH TO DATE    0.56          1.37  -0.81     2.09
  SINCE MAR 1      2.28          2.75  -0.47     2.41
  SINCE JAN 1      3.31          3.51  -0.20     4.05

DEGREE DAYS
 HEATING
  YESTERDAY       29            16     13       15
  MONTH TO DATE  593           365    228      250
  SINCE MAR 1   1479          1241    238      984
  SINCE JUL 1   6379          6250    129     5136

 COOLING
  YESTERDAY        0             0      0        0
  MONTH TO DATE    0             0      0        2
  SINCE MAR 1      0             0      0        2
  SINCE JAN 1      0             0      0        2
......................................................


WIND (MPH)
  HIGHEST WIND SPEED    17   HIGHEST WIND DIRECTION    SE (130)
  HIGHEST GUST SPEED    20   HIGHEST GUST DIRECTION    SE (130)
  AVERAGE WIND SPEED     9.2


SKY COVER
  AVERAGE SKY COVER 0.0


WEATHER CONDITIONS
 THE FOLLOWING WEATHER WAS RECORDED YESTERDAY.
  NO SIGNIFICANT WEATHER WAS OBSERVED.


RELATIVE HUMIDITY (PERCENT)
 HIGHEST    85           100 AM
 LOWEST     45           200 PM
 AVERAGE    65

..........................................................




SUNRISE AND SUNSET
APRIL 20 2018.........SUNRISE   649 AM CDT   SUNSET   828 PM CDT
APRIL 21 2018.........SUNRISE   647 AM CDT   SUNSET   830 PM CDT


-  INDICATES NEGATIVE NUMBERS.
R  INDICATES RECORD WAS SET OR TIED.
MM INDICATES DATA IS MISSING.
T  INDICATES TRACE AMOUNT.




$$
