000
CDUS43 KUNR 210832
CLIIEN


CLIMATE REPORT
NATIONAL WEATHER SERVICE RAPID CITY SD
231 AM MDT SAT APR 21 2018


...................................

...THE PINE RIDGE SD CLIMATE SUMMARY FOR APRIL 20 2018...

CLIMATE NORMAL PERIOD 1981 TO 2010
CLIMATE RECORD PERIOD 9999 TO 9999


WEATHER ITEM   OBSERVED TIME   NORMAL DEPARTURE LAST
                VALUE   (LST)  VALUE  FROM      YEAR
                                      NORMAL
......................................................
TEMPERATURE (F)
 YESTERDAY
  MAXIMUM         50    912 AM  61    -11       65
  MINIMUM         39   1159 PM  32      7       33
  AVERAGE         45            47     -2       49

PRECIPITATION (IN)
  YESTERDAY        0.11          0.07   0.04     0.00
  MONTH TO DATE    1.31          1.19   0.12     1.48
  SINCE MAR 1      2.60          2.06   0.54     3.33
  SINCE JAN 1      3.63          2.85   0.78     4.47

DEGREE DAYS
 HEATING
  YESTERDAY       20            18      2       16
  MONTH TO DATE  557           418    139      303
  SINCE MAR 1   1411          1306    105      994
  SINCE JUL 1   6715          6656     59     6160

 COOLING
  YESTERDAY        0             0      0        0
  MONTH TO DATE    0             0      0        1
  SINCE MAR 1      0             0      0        1
  SINCE JAN 1      0             0      0        1
......................................................


WIND (MPH)
  HIGHEST WIND SPEED    20   HIGHEST WIND DIRECTION    SE (150)
  HIGHEST GUST SPEED    27   HIGHEST GUST DIRECTION    SE (150)
  AVERAGE WIND SPEED     9.6


SKY COVER
  AVERAGE SKY COVER 0.6


WEATHER CONDITIONS
 THE FOLLOWING WEATHER WAS RECORDED YESTERDAY.
  LIGHT RAIN
  FOG


RELATIVE HUMIDITY (PERCENT)
 HIGHEST    93           600 PM
 LOWEST     49           100 AM
 AVERAGE    71

..........................................................




SUNRISE AND SUNSET
APRIL 21 2018.........SUNRISE   559 AM MDT   SUNSET   740 PM MDT
APRIL 22 2018.........SUNRISE   557 AM MDT   SUNSET   741 PM MDT


-  INDICATES NEGATIVE NUMBERS.
R  INDICATES RECORD WAS SET OR TIED.
MM INDICATES DATA IS MISSING.
T  INDICATES TRACE AMOUNT.




$$
