000
CDUS45 KVEF 220832
CLIIGM


CLIMATE REPORT
NATIONAL WEATHER SERVICE LAS VEGAS, NV
132 AM PDT TUE MAY 22 2018


...................................

...THE KINGMAN AZ CLIMATE SUMMARY FOR MAY 21 2018...

CLIMATE NORMAL PERIOD 1981 TO 2010
CLIMATE RECORD PERIOD 1901 TO 2018


WEATHER ITEM   OBSERVED TIME   RECORD YEAR NORMAL DEPARTURE LAST
                VALUE   (LST)  VALUE       VALUE  FROM      YEAR
                                                  NORMAL
..................................................................
TEMPERATURE (F)
 YESTERDAY
  MAXIMUM         82    515 PM 106    1923  87     -5       92
  MINIMUM         60   1159 PM  30    1975  54      6       51
  AVERAGE         71                        70      1       72

PRECIPITATION (IN)
  YESTERDAY        0.00          1.05 1920   0.00   0.00     0.00
  MONTH TO DATE    0.00                      0.10  -0.10     0.19
  SINCE OCT 1      1.31                      5.53  -4.22     6.45
  SINCE JAN 1      1.31                      3.43  -2.12     2.89

DEGREE DAYS
 HEATING
  YESTERDAY        0                         1     -1        0
  MONTH TO DATE   29                        46    -17       85
  SINCE MAR 1    494                       679   -185      494
  SINCE JUL 1   2272                      3092   -820     2491

 COOLING
  YESTERDAY        6                         6      0        7
  MONTH TO DATE  122                        91     31       48
  SINCE MAR 1    201                       122     79       63
  SINCE JAN 1    201                       122     79       63
..................................................................


WIND (MPH)
  RESULTANT WIND SPEED   9   RESULTANT WIND DIRECTION   S (170)
  HIGHEST WIND SPEED    28   HIGHEST WIND DIRECTION    SW (220)
  HIGHEST GUST SPEED    33   HIGHEST GUST DIRECTION    SW (220)
  AVERAGE WIND SPEED    12.1


SKY COVER
  POSSIBLE SUNSHINE  MM
  AVERAGE SKY COVER 0.2


WEATHER CONDITIONS
 THE FOLLOWING WEATHER WAS RECORDED YESTERDAY.
  THUNDERSTORM


RELATIVE HUMIDITY (PERCENT)
 HIGHEST    34          1000 PM
 LOWEST     13          1000 AM
 AVERAGE    24

..........................................................


THE KINGMAN AZ CLIMATE NORMALS FOR TODAY
                         NORMAL    RECORD    YEAR
 MAXIMUM TEMPERATURE (F)   87       103      1967
 MINIMUM TEMPERATURE (F)   54        38      1975


SUNRISE AND SUNSET
MAY 22 2018...........SUNRISE   527 AM MST   SUNSET   738 PM MST
MAY 23 2018...........SUNRISE   526 AM MST   SUNSET   739 PM MST


-  INDICATES NEGATIVE NUMBERS.
R  INDICATES RECORD WAS SET OR TIED.
MM INDICATES DATA IS MISSING.
T  INDICATES TRACE AMOUNT.




$$
