000
CDUS43 KILX 190640
CLIILX


CLIMATE REPORT
NATIONAL WEATHER SERVICE LINCOLN IL
138 AM CDT THU APR 19 2018


...................................

...THE LINCOLN IL CLIMATE SUMMARY FOR APRIL 18 2018...

CLIMATE NORMAL PERIOD 1981 TO 2010
CLIMATE RECORD PERIOD 1905 TO 2018


WEATHER ITEM   OBSERVED TIME   RECORD YEAR NORMAL DEPARTURE LAST
                VALUE   (LST)  VALUE       VALUE  FROM      YEAR
                                                  NORMAL
..................................................................
TEMPERATURE (F)
 YESTERDAY
  MAXIMUM         50        MM  89    2002  65    -15       76
  MINIMUM         33        MM  25    1990  42     -9       45
  AVERAGE         42                        53    -11       61

PRECIPITATION (IN)
  YESTERDAY        T             1.61 2013   0.12  -0.12     0.00
  MONTH TO DATE    2.37                      2.04   0.33     2.70
  SINCE MAR 1      6.64                      4.64   2.00     6.69
  SINCE JAN 1     12.16                      8.39   3.77     9.34

SNOWFALL (IN)
  YESTERDAY        T             0.5  1910   0.0    0.0      0.0
  MONTH TO DATE    7.1                       0.3    6.8      0.0
  SINCE MAR 1      7.4                       2.0    5.4      3.7
  SINCE JUL 1     17.3                      20.5   -3.2     10.9
  SNOW DEPTH       0

DEGREE DAYS
 HEATING
  YESTERDAY       23                        12     11        4
  MONTH TO DATE  465                       273    192      159
  SINCE MAR 1   1292                      1014    278      856
  SINCE JUL 1   5692                      5437    255     4464

 COOLING
  YESTERDAY        0                         1     -1        0
  MONTH TO DATE    4                         1      3        9
  SINCE MAR 1      4                         3      1        9
  SINCE JAN 1      4                         3      1        9
..................................................................


WIND (MPH)
  HIGHEST WIND SPEED    MM   HIGHEST WIND DIRECTION    MM
  HIGHEST GUST SPEED    MM   HIGHEST GUST DIRECTION    MM
  AVERAGE WIND SPEED    MM


SKY COVER
  POSSIBLE SUNSHINE  MM


WEATHER CONDITIONS
 THE FOLLOWING WEATHER WAS RECORDED YESTERDAY.
  LIGHT RAIN
  LIGHT SNOW


..........................................................


THE LINCOLN IL CLIMATE NORMALS FOR TODAY
                         NORMAL    RECORD    YEAR
 MAXIMUM TEMPERATURE (F)   65        86      2002
 MINIMUM TEMPERATURE (F)   42        22      1926


SUNRISE AND SUNSET
APRIL 19 2018.........SUNRISE   613 AM CDT   SUNSET   740 PM CDT
APRIL 20 2018.........SUNRISE   612 AM CDT   SUNSET   741 PM CDT


-  INDICATES NEGATIVE NUMBERS.
R  INDICATES RECORD WAS SET OR TIED.
MM INDICATES DATA IS MISSING.
T  INDICATES TRACE AMOUNT.




$$
