000
CDUS43 KIND 270531
CLIIND


CLIMATE REPORT
NATIONAL WEATHER SERVICE INDIANAPOLIS IN
131 AM EDT SUN MAY 27 2018


...................................

...THE INDIANAPOLIS IN CLIMATE SUMMARY FOR MAY 26 2018...

CLIMATE NORMAL PERIOD 1981 TO 2010
CLIMATE RECORD PERIOD 1871 TO 2018


WEATHER ITEM   OBSERVED TIME   RECORD YEAR NORMAL DEPARTURE LAST
                VALUE   (LST)  VALUE       VALUE  FROM      YEAR
                                                  NORMAL
..................................................................
TEMPERATURE (F)
 YESTERDAY
  MAXIMUM         88    512 PM  94    1911  76     12       78
  MINIMUM         68    416 AM  35    1961  56     12       51
  AVERAGE         78                        66     12       65

PRECIPITATION (IN)
  YESTERDAY        0.11          2.33 1879   0.16  -0.05     0.62
  MONTH TO DATE    1.14                      4.27  -3.13     7.59
  SINCE MAR 1     10.62                     11.64  -1.02    17.91
  SINCE JAN 1     17.27                     16.62   0.65    23.36

SNOWFALL (IN)
  YESTERDAY        0.0           0.0    MM   0.0    0.0      0.0
  MONTH TO DATE    0.0                       0.0    0.0      0.0
  SINCE MAR 1     14.2                       2.8   11.4      1.0
  SINCE JUL 1     23.2                      25.9   -2.7      9.7
  SNOW DEPTH       0

DEGREE DAYS
 HEATING
  YESTERDAY        0                         3     -3        0
  MONTH TO DATE    5                       130   -125      147
  SINCE MAR 1   1343                      1209    134      988
  SINCE JUL 1   5310                      5352    -42     4272

 COOLING
  YESTERDAY       13                         3     10        0
  MONTH TO DATE  174                        49    125       53
  SINCE MAR 1    180                        64    116       85
  SINCE JAN 1    185                        64    121       85
..................................................................


WIND (MPH)
  HIGHEST WIND SPEED    18   HIGHEST WIND DIRECTION    NE (30)
  HIGHEST GUST SPEED    27   HIGHEST GUST DIRECTION     W (280)
  AVERAGE WIND SPEED     8.8


SKY COVER
  AVERAGE SKY COVER 0.7


WEATHER CONDITIONS
 THE FOLLOWING WEATHER WAS RECORDED YESTERDAY.
  THUNDERSTORM
  LIGHT RAIN
  FOG


RELATIVE HUMIDITY (PERCENT)
 HIGHEST    90           700 AM
 LOWEST     43           400 PM
 AVERAGE    67

..........................................................


THE INDIANAPOLIS IN CLIMATE NORMALS FOR TODAY
                         NORMAL    RECORD    YEAR
 MAXIMUM TEMPERATURE (F)   76        94      1911
 MINIMUM TEMPERATURE (F)   56        31      1961


SUNRISE AND SUNSET
MAY 27 2018...........SUNRISE   622 AM EDT   SUNSET   903 PM EDT
MAY 28 2018...........SUNRISE   621 AM EDT   SUNSET   904 PM EDT


-  INDICATES NEGATIVE NUMBERS.
R  INDICATES RECORD WAS SET OR TIED.
MM INDICATES DATA IS MISSING.
T  INDICATES TRACE AMOUNT.




$$
