000
CDUS43 KDLH 220635
CLIINL


CLIMATE REPORT
NATIONAL WEATHER SERVICE DULUTH MN
134 AM CDT TUE MAY 22 2018


...................................

...THE INTERNATIONAL FALLS MN CLIMATE SUMMARY FOR MAY 21 2018...

CLIMATE NORMAL PERIOD 1981 TO 2010
CLIMATE RECORD PERIOD 1895 TO 2018


WEATHER ITEM   OBSERVED TIME   RECORD YEAR NORMAL DEPARTURE LAST
                VALUE   (LST)  VALUE       VALUE  FROM      YEAR
                                                  NORMAL
..................................................................
TEMPERATURE (F)
 YESTERDAY
  MAXIMUM         76    555 PM  95    1964  67      9       49
  MINIMUM         36    419 AM  21    1924  40     -4       40
  AVERAGE         56                        54      2       45

PRECIPITATION (IN)
  YESTERDAY        0.00          1.38 1987   0.09  -0.09     0.04
  MONTH TO DATE    2.43                      1.82   0.61     0.59
  SINCE MAR 1      3.14                      4.30  -1.16     2.85
  SINCE JAN 1      4.83                      5.49  -0.66     5.60

SNOWFALL (IN)
  YESTERDAY        0.0           T    1996   0.0    0.0      0.0
  MONTH TO DATE    0.0                       0.2   -0.2      0.0
  SINCE MAR 1      7.6                      14.2   -6.6      7.1
  SINCE JUL 1     62.2                      71.0   -8.8     70.4
  SNOW DEPTH       0

DEGREE DAYS
 HEATING
  YESTERDAY        9                        12     -3       20
  MONTH TO DATE  288                       316    -28      361
  SINCE MAR 1   2570                      2371    199     2367
  SINCE JUL 1  10350                      9954    396     8841

 COOLING
  YESTERDAY        0                         0      0        0
  MONTH TO DATE    0                         0      0        0
  SINCE MAR 1      1                         1      0        0
  SINCE JAN 1      1                         1      0        0
..................................................................


WIND (MPH)
  HIGHEST WIND SPEED    13   HIGHEST WIND DIRECTION    NE (50)
  HIGHEST GUST SPEED    16   HIGHEST GUST DIRECTION    NE (50)
  AVERAGE WIND SPEED     3.6


SKY COVER
  AVERAGE SKY COVER 0.0


WEATHER CONDITIONS
 THE FOLLOWING WEATHER WAS RECORDED YESTERDAY.
  NO SIGNIFICANT WEATHER WAS OBSERVED.


RELATIVE HUMIDITY (PERCENT)
 HIGHEST   100           400 AM
 LOWEST     21           600 PM
 AVERAGE    61

..........................................................


THE INTERNATIONAL FALLS MN CLIMATE NORMALS FOR TODAY
                         NORMAL    RECORD    YEAR
 MAXIMUM TEMPERATURE (F)   67        91      1980
 MINIMUM TEMPERATURE (F)   41        25      1926


SUNRISE AND SUNSET
MAY 22 2018...........SUNRISE   524 AM CDT   SUNSET   857 PM CDT
MAY 23 2018...........SUNRISE   523 AM CDT   SUNSET   858 PM CDT


-  INDICATES NEGATIVE NUMBERS.
R  INDICATES RECORD WAS SET OR TIED.
MM INDICATES DATA IS MISSING.
T  INDICATES TRACE AMOUNT.




$$
