000
CDUS41 KCTP 212130
CLIIPT


CLIMATE REPORT
NATIONAL WEATHER SERVICE STATE COLLEGE PA
530 PM EDT SAT APR 21 2018


...................................

...THE WILLIAMSPORT PA CLIMATE SUMMARY FOR APRIL 21 2018...
VALID TODAY AS OF 0500 PM LOCAL TIME.

CLIMATE NORMAL PERIOD 1981 TO 2010
CLIMATE RECORD PERIOD 1895 TO 2018


WEATHER ITEM   OBSERVED TIME   RECORD YEAR NORMAL DEPARTURE LAST
                VALUE   (LST)  VALUE       VALUE  FROM      YEAR
                                                  NORMAL
..................................................................
TEMPERATURE (F)
 TODAY
  MAXIMUM         62    358 PM  90    1941  63     -1       72
  MINIMUM         28    513 AM  25    1925  41    -13       54
  AVERAGE         45                        52     -7       63

PRECIPITATION (IN)
  TODAY            0.00          1.23 2017   0.11  -0.11     1.23
  MONTH TO DATE    3.28                      2.29   0.99     3.48
  SINCE MAR 1      5.41                      5.26   0.15     7.22
  SINCE JAN 1     13.20                     10.30   2.90    12.52

SNOWFALL (IN)
  TODAY            0.0           T    2002   0.1   -0.1      0.0
  MONTH TO DATE    5.2                       1.1    4.1       T
  SINCE MAR 1      7.8                       8.0   -0.2     22.6
  SINCE JUL 1     26.8                      36.0   -9.2     41.1
  SNOW DEPTH       0

DEGREE DAYS
 HEATING
  TODAY           20                        13      7        2
  MONTH TO DATE  463                       353    110      202
  SINCE MAR 1   1324                      1182    142     1060
  SINCE JUL 1   5374                      5649   -275     4696

 COOLING
  TODAY            0                         0      0        0
  MONTH TO DATE    0                         0      0        5
  SINCE MAR 1      0                         0      0        5
  SINCE JAN 1      0                         0      0        5
..................................................................


WIND (MPH)
  HIGHEST WIND SPEED    13   HIGHEST WIND DIRECTION     N (340)
  HIGHEST GUST SPEED    16   HIGHEST GUST DIRECTION     W (270)
  AVERAGE WIND SPEED     4.1


SKY COVER
  POSSIBLE SUNSHINE  MM
  AVERAGE SKY COVER 0.0


WEATHER CONDITIONS
 THE FOLLOWING WEATHER WAS RECORDED TODAY.
  NO SIGNIFICANT WEATHER WAS OBSERVED.


RELATIVE HUMIDITY (PERCENT)
 HIGHEST    78          1200 AM
 LOWEST     17           400 PM
 AVERAGE    48

..........................................................


THE WILLIAMSPORT PA CLIMATE NORMALS FOR TOMORROW
                         NORMAL    RECORD    YEAR
 MAXIMUM TEMPERATURE (F)   64        89      1985
 MINIMUM TEMPERATURE (F)   41        24      1922


SUNRISE AND SUNSET
APRIL 21 2018.........SUNRISE   619 AM EDT   SUNSET   754 PM EDT
APRIL 22 2018.........SUNRISE   618 AM EDT   SUNSET   755 PM EDT


-  INDICATES NEGATIVE NUMBERS.
R  INDICATES RECORD WAS SET OR TIED.
MM INDICATES DATA IS MISSING.
T  INDICATES TRACE AMOUNT.




$$
