000
CDUS44 KJAN 280641
CLIJAN


CLIMATE REPORT
NATIONAL WEATHER SERVICE JACKSON MS
139 AM CDT MON MAY 28 2018


...................................

...THE JACKSON CLIMATE SUMMARY FOR MAY 27 2018...

CLIMATE NORMAL PERIOD 1981 TO 2010
CLIMATE RECORD PERIOD 1896 TO 2018


WEATHER ITEM   OBSERVED TIME   RECORD YEAR NORMAL DEPARTURE LAST
                VALUE   (LST)  VALUE       VALUE  FROM      YEAR
                                                  NORMAL
..................................................................
TEMPERATURE (F)
 YESTERDAY
  MAXIMUM         88    254 PM  98    1953  86      2       90
                                      1911
  MINIMUM         65    459 AM  46    1961  65      0       67
  AVERAGE         77                        75      2       79

PRECIPITATION (IN)
  YESTERDAY        0.00          2.70 1976   0.15  -0.15      T
  MONTH TO DATE    7.56                      3.81   3.75     4.31
  SINCE MAR 1     25.79                     13.81  11.98    19.29
  SINCE JAN 1     39.40                     23.54  15.86    29.50

SNOWFALL (IN)
  YESTERDAY        0.0           0.0    MM   0.0    0.0      0.0
  MONTH TO DATE    0.0                       0.0    0.0      0.0
  SINCE MAR 1      0.0                       0.1   -0.1       T
  SINCE JUL 1      5.9                       0.8    5.1      0.8

DEGREE DAYS
 HEATING
  YESTERDAY        0                         0      0        0
  MONTH TO DATE    0                        10    -10       13
  SINCE MAR 1    380                       397    -17      210
  SINCE JUL 1   2050                      2389   -339     1328

 COOLING
  YESTERDAY       12                        10      2       14
  MONTH TO DATE  295                       196     99      174
  SINCE MAR 1    359                       304     55      398
  SINCE JAN 1    424                       314    110      456
..................................................................


WIND (MPH)
  HIGHEST WIND SPEED    10   HIGHEST WIND DIRECTION     N (10)
  HIGHEST GUST SPEED    13   HIGHEST GUST DIRECTION     N (10)
  AVERAGE WIND SPEED     3.1


SKY COVER
  POSSIBLE SUNSHINE  MM
  AVERAGE SKY COVER 0.4


WEATHER CONDITIONS
 THE FOLLOWING WEATHER WAS RECORDED YESTERDAY.
  FOG


RELATIVE HUMIDITY (PERCENT)
 HIGHEST   100          1200 AM
 LOWEST     55           200 PM
 AVERAGE    78

..........................................................


THE JACKSON CLIMATE NORMALS FOR TODAY
                         NORMAL    RECORD    YEAR
 MAXIMUM TEMPERATURE (F)   86       100      1911
 MINIMUM TEMPERATURE (F)   65        43      1961


SUNRISE AND SUNSET
MAY 28 2018...........SUNRISE   556 AM CDT   SUNSET   800 PM CDT
MAY 29 2018...........SUNRISE   555 AM CDT   SUNSET   801 PM CDT


-  INDICATES NEGATIVE NUMBERS.
R  INDICATES RECORD WAS SET OR TIED.
MM INDICATES DATA IS MISSING.
T  INDICATES TRACE AMOUNT.

&&

AT 1 AM:

THE PEARL RIVER STAGE AT JACKSON WAS 11.1 FEET. THE RIVER FELL 0.4
FEET OVER THE PAST 24 HOURS.

THE MISSISSIPPI RIVER STAGE AT VICKSBURG WAS 32 FEET. THE RIVER
ROSE 0.4 FEET OVER THE PAST 24 HOURS.

$$
