000
CDUS42 KJAX 210537
CLIJAX


CLIMATE REPORT
NATIONAL WEATHER SERVICE JACKSONVILLE FL
137 AM EDT MON MAY 21 2018


...................................

...THE JACKSONVILLE CLIMATE SUMMARY FOR MAY 20 2018...

CLIMATE NORMAL PERIOD 1981 TO 2010
CLIMATE RECORD PERIOD 1871 TO 2018


WEATHER ITEM   OBSERVED TIME   RECORD YEAR NORMAL DEPARTURE LAST
                VALUE   (LST)  VALUE       VALUE  FROM      YEAR
                                                  NORMAL
..................................................................
TEMPERATURE (F)
 YESTERDAY
  MAXIMUM         77    407 PM  99    1962  86     -9       92
  MINIMUM         71    622 AM  46    1894  64      7       74
  AVERAGE         74                        75     -1       83

PRECIPITATION (IN)
  YESTERDAY        0.04          5.07 2009   0.07  -0.03     0.00
  MONTH TO DATE    2.13                      1.34   0.79     1.19
  SINCE MAR 1      9.50                      7.93   1.57     3.00
  SINCE JAN 1     14.87                     14.42   0.45     8.40

SNOWFALL (IN)
  YESTERDAY        0.0           0.0  2002   0.0    0.0      0.0
                                      2001
  MONTH TO DATE    0.0                       0.0    0.0      0.0
  SINCE MAR 1      T                         T      0.0      0.0
  SINCE JUL 1      T                         T      0.0      0.0
  SNOW DEPTH       0

DEGREE DAYS
 HEATING
  YESTERDAY        0                         0      0        0
  MONTH TO DATE    0                         3     -3        0
  SINCE MAR 1    237                       214     23      179
  SINCE JUL 1   1103                      1347   -244      782

 COOLING
  YESTERDAY        9                        10     -1       18
  MONTH TO DATE  176                       161     15      183
  SINCE MAR 1    328                       328      0      438
  SINCE JAN 1    443                       357     86      510
..................................................................


WIND (MPH)
  HIGHEST WIND SPEED    12   HIGHEST WIND DIRECTION     E (100)
  HIGHEST GUST SPEED    16   HIGHEST GUST DIRECTION    SE (120)
  AVERAGE WIND SPEED     3.5


SKY COVER
  POSSIBLE SUNSHINE  MM
  AVERAGE SKY COVER 1.0


WEATHER CONDITIONS
 THE FOLLOWING WEATHER WAS RECORDED YESTERDAY.
  LIGHT RAIN
  FOG


RELATIVE HUMIDITY (PERCENT)
 HIGHEST    93           100 AM
 LOWEST     82           400 PM
 AVERAGE    88

..........................................................


THE JACKSONVILLE CLIMATE NORMALS FOR TODAY
                         NORMAL    RECORD    YEAR
 MAXIMUM TEMPERATURE (F)   87        99      1938
 MINIMUM TEMPERATURE (F)   64        50      2002


SUNRISE AND SUNSET
MAY 21 2018...........SUNRISE   629 AM EDT   SUNSET   818 PM EDT
MAY 22 2018...........SUNRISE   629 AM EDT   SUNSET   819 PM EDT


-  INDICATES NEGATIVE NUMBERS.
R  INDICATES RECORD WAS SET OR TIED.
MM INDICATES DATA IS MISSING.
T  INDICATES TRACE AMOUNT.




$$
