000
CDUS44 KMEG 232149
CLIJBR


CLIMATE REPORT
NATIONAL WEATHER SERVICE MEMPHIS TN
449 PM CDT WED MAY 23 2018


...................................

...THE JONESBORO CLIMATE SUMMARY FOR MAY 23 2018...
VALID TODAY AS OF 0400 PM LOCAL TIME.

CLIMATE NORMAL PERIOD 1981 TO 2010
CLIMATE RECORD PERIOD 1897 TO 2018


WEATHER ITEM   OBSERVED TIME   RECORD YEAR NORMAL DEPARTURE LAST
                VALUE   (LST)  VALUE       VALUE  FROM      YEAR
                                                  NORMAL
..................................................................
TEMPERATURE (F)
 TODAY
  MAXIMUM         88   1232 PM  97    1921  82      6       78
  MINIMUM         68    454 AM  39    1917  60      8       56
  AVERAGE         78                        71      7       67

PRECIPITATION (IN)
  TODAY            0.00          1.53 1927   0.12  -0.12     0.19
  MONTH TO DATE    3.48                      3.76  -0.28     4.58
  SINCE MAR 1     12.94                     13.28  -0.34    19.53
  SINCE JAN 1     29.59                     20.43   9.16    25.14

DEGREE DAYS
 HEATING
  TODAY            0                         1     -1        0
  MONTH TO DATE    0                        35    -35       35
  SINCE MAR 1    737                       694     43      493
  SINCE JUL 1   3520                      3650   -130     2626

 COOLING
  TODAY           13                         7      6        2
  MONTH TO DATE  245                       101    144      101
  SINCE MAR 1    256                       148    108      171
  SINCE JAN 1    261                       148    113      175
..................................................................


WIND (MPH)
  HIGHEST WIND SPEED    25   HIGHEST WIND DIRECTION     E (90)
  HIGHEST GUST SPEED    31   HIGHEST GUST DIRECTION     E (90)
  AVERAGE WIND SPEED     4.8


SKY COVER
  POSSIBLE SUNSHINE  MM
  AVERAGE SKY COVER 0.1


WEATHER CONDITIONS
 THE FOLLOWING WEATHER WAS RECORDED TODAY.
  THUNDERSTORM
  FOG


RELATIVE HUMIDITY (PERCENT)
 HIGHEST   100          1200 AM
 LOWEST     61           100 PM
 AVERAGE    81

..........................................................


THE JONESBORO CLIMATE NORMALS FOR TOMORROW
                         NORMAL    RECORD    YEAR
 MAXIMUM TEMPERATURE (F)   83        98      1921
 MINIMUM TEMPERATURE (F)   61        45      1919
                                             1913


SUNRISE AND SUNSET
MAY 23 2018...........SUNRISE   552 AM CDT   SUNSET   807 PM CDT
MAY 24 2018...........SUNRISE   551 AM CDT   SUNSET   808 PM CDT


-  INDICATES NEGATIVE NUMBERS.
R  INDICATES RECORD WAS SET OR TIED.
MM INDICATES DATA IS MISSING.
T  INDICATES TRACE AMOUNT.




$$
