000
CDUS43 KSGF 240646
CLIJLN


CLIMATE REPORT
NATIONAL WEATHER SERVICE SPRINGFIELD MO
145 AM CDT THU MAY 24 2018


...................................

...THE JOPLIN MO CLIMATE SUMMARY FOR MAY 23 2018...

CLIMATE NORMAL PERIOD 1981 TO 2010
CLIMATE RECORD PERIOD 1902 TO 2018


WEATHER ITEM   OBSERVED TIME   RECORD YEAR NORMAL DEPARTURE LAST
                VALUE   (LST)  VALUE       VALUE  FROM      YEAR
                                                  NORMAL
..................................................................
TEMPERATURE (F)
 YESTERDAY
  MAXIMUM         85   1212 PM  92    1996  79      6       71
  MINIMUM         65    535 AM  41    1963  58      7       55
  AVERAGE         75                        69      6       63

PRECIPITATION (IN)
  YESTERDAY        0.31          1.83 2011   0.17   0.14      T
  MONTH TO DATE    3.27                      4.30  -1.03     6.59
  SINCE MAR 1      7.68                     12.19  -4.51    20.53
  SINCE JAN 1     13.09                     16.54  -3.45    24.52

DEGREE DAYS
 HEATING
  YESTERDAY        0                         1     -1        2
  MONTH TO DATE    3                        58    -55       55
  SINCE MAR 1    899                       807     92      610
  SINCE JUL 1   4087                      4061     26     3162

 COOLING
  YESTERDAY       10                         5      5        0
  MONTH TO DATE  178                        79     99       85
  SINCE MAR 1    194                       132     62      149
  SINCE JAN 1    194                       133     61      159
..................................................................


WIND (MPH)
  HIGHEST WIND SPEED    15   HIGHEST WIND DIRECTION     S (180)
  HIGHEST GUST SPEED    19   HIGHEST GUST DIRECTION    SE (150)
  AVERAGE WIND SPEED     4.0


SKY COVER
  AVERAGE SKY COVER 0.2


WEATHER CONDITIONS
 THE FOLLOWING WEATHER WAS RECORDED YESTERDAY.
  THUNDERSTORM
  HEAVY RAIN
  RAIN
  LIGHT RAIN
  FOG


RELATIVE HUMIDITY (PERCENT)
 HIGHEST   100           400 AM
 LOWEST     55          1200 PM
 AVERAGE    78

..........................................................


THE JOPLIN MO CLIMATE NORMALS FOR TODAY
                         NORMAL    RECORD    YEAR
 MAXIMUM TEMPERATURE (F)   80        90      1996
 MINIMUM TEMPERATURE (F)   58        45      2001


SUNRISE AND SUNSET
MAY 24 2018...........SUNRISE   603 AM CDT   SUNSET   827 PM CDT
MAY 25 2018...........SUNRISE   603 AM CDT   SUNSET   828 PM CDT


-  INDICATES NEGATIVE NUMBERS.
R  INDICATES RECORD WAS SET OR TIED.
MM INDICATES DATA IS MISSING.
T  INDICATES TRACE AMOUNT.




$$
