000
CDAK47 PAJK 241128
CLIJNU
CLIMATE REPORT
NATIONAL WEATHER SERVICE JUNEAU, AK
327 AM AKDT THU MAY 24 2018


...................................

...THE JUNEAU CLIMATE SUMMARY FOR MAY 23 2018...

CLIMATE NORMAL PERIOD 1981 TO 2010
CLIMATE RECORD PERIOD 1936 TO 2018


WEATHER ITEM   OBSERVED RECORD YEAR NORMAL DEPARTURE LAST
                VALUE   VALUE       VALUE  FROM      YEAR
                                           NORMAL
...........................................................
TEMPERATURE (F)
 YESTERDAY
  MAXIMUM         57     75    1969  58     -1       63
  MINIMUM         41     29    1973  43     -2       47
  AVERAGE         49                 50     -1       55

PRECIPITATION (IN)
  YESTERDAY        0.06   0.84 1999   0.12  -0.06     0.05
  MONTH TO DATE    4.14               2.51   1.63     4.96
  SINCE JAN 1     17.87              18.71  -0.84    21.94

DEGREE DAYS
 HEATING
  YESTERDAY       16                 15      1       10
  MONTH TO DATE  359                401    -42      379
...........................................................


WIND (MPH)
  HIGHEST WIND SPEED    16   HIGHEST WIND DIRECTION    SW (230)
  HIGHEST GUST SPEED    20   HIGHEST GUST DIRECTION    SW (220)
  AVERAGE WIND SPEED     5.4


SKY COVER
  AVERAGE SKY COVER 0.9


WEATHER CONDITIONS
 THE FOLLOWING WEATHER WAS RECORDED YESTERDAY.
  LIGHT RAIN
  FOG
  FOG W/VISIBILITY <= 1/4 MILE


..........................................................


THE JUNEAU CLIMATE NORMALS FOR TODAY
                         NORMAL    RECORD    YEAR
 MAXIMUM TEMPERATURE (F)   59        74      1969
 MINIMUM TEMPERATURE (F)   43        30      1964


SUNRISE AND SUNSET
MAY 24 2018...........SUNRISE   414 AM AKDT  SUNSET   938 PM AKDT
MAY 25 2018...........SUNRISE   412 AM AKDT  SUNSET   939 PM AKDT


-  INDICATES NEGATIVE NUMBERS.
R  INDICATES RECORD WAS SET OR TIED.
MM INDICATES DATA IS MISSING.
T  INDICATES TRACE AMOUNT.




$$
--------------------------------------------------------------

AMOUNT OF DAYLIGHT TODAY (HOUR:MIN)......... 17 HOURS 24 MINUTES
GAIN/LOSS SINCE YESTERDAY (HOUR:MIN:SEC).... +0:03:37

$$
