000
CDUS43 KGRR 260531
CLIJXN


CLIMATE REPORT
NATIONAL WEATHER SERVICE GRAND RAPIDS, MI
131 AM EDT THU APR 26 2018


...................................

...THE JACKSON MI CLIMATE SUMMARY FOR APRIL 25 2018...

CLIMATE NORMAL PERIOD 1981 TO 2010
CLIMATE RECORD PERIOD 1944 TO 9999


WEATHER ITEM   OBSERVED TIME   NORMAL DEPARTURE LAST
                VALUE   (LST)  VALUE  FROM      YEAR
                                      NORMAL
......................................................
TEMPERATURE (F)
 YESTERDAY
  MAXIMUM         61    300 PM  63     -2       73
  MINIMUM         42   1147 PM  40      2       52
  AVERAGE         52            51      1       63

PRECIPITATION (IN)
  YESTERDAY        0.03          0.08  -0.05     0.00
  MONTH TO DATE    2.68          2.16   0.52     3.43
  SINCE MAR 1      4.91          4.06   0.85     7.32
  SINCE JAN 1      9.97          6.84   3.13    12.26

DEGREE DAYS
 HEATING
  YESTERDAY       13            14     -1        2
  MONTH TO DATE  633           456    177      303
  SINCE MAR 1   1609          1366    243     1219
  SINCE JUL 1   6313          6280     33     5227

 COOLING
  YESTERDAY        0             0      0        0
  MONTH TO DATE    0             0      0        3
  SINCE MAR 1      0             0      0        3
  SINCE JAN 1      0             0      0        3
......................................................


WIND (MPH)
  RESULTANT WIND SPEED   8   RESULTANT WIND DIRECTION  NW (320)
  HIGHEST WIND SPEED    17   HIGHEST WIND DIRECTION    NW (330)
  HIGHEST GUST SPEED    23   HIGHEST GUST DIRECTION     N (340)
  AVERAGE WIND SPEED     8.6


SKY COVER
  AVERAGE SKY COVER 0.5


WEATHER CONDITIONS
 THE FOLLOWING WEATHER WAS RECORDED YESTERDAY.
  LIGHT RAIN
  FOG


RELATIVE HUMIDITY (PERCENT)
 HIGHEST   100          1200 AM
 LOWEST     33           600 PM
 AVERAGE    67

..........................................................


THE JACKSON MI CLIMATE NORMALS FOR TODAY
                         NORMAL
 MAXIMUM TEMPERATURE (F)   63
 MINIMUM TEMPERATURE (F)   40


SUNRISE AND SUNSET
APRIL 26 2018.........SUNRISE   640 AM EDT   SUNSET   832 PM EDT
APRIL 27 2018.........SUNRISE   639 AM EDT   SUNSET   833 PM EDT


-  INDICATES NEGATIVE NUMBERS.
R  INDICATES RECORD WAS SET OR TIED.
MM INDICATES DATA IS MISSING.
T  INDICATES TRACE AMOUNT.




$$
