000
CDUS45 KVEF 220826
CLILAS


CLIMATE REPORT
NATIONAL WEATHER SERVICE LAS VEGAS, NV
125 AM PDT SUN APR 22 2018


...................................

...THE LAS VEGAS NV CLIMATE SUMMARY FOR APRIL 21 2018...

CLIMATE NORMAL PERIOD 1981 TO 2010
CLIMATE RECORD PERIOD 1937 TO 2018


WEATHER ITEM   OBSERVED TIME   RECORD YEAR NORMAL DEPARTURE LAST
                VALUE   (LST)  VALUE       VALUE  FROM      YEAR
                                                  NORMAL
..................................................................
TEMPERATURE (F)
 YESTERDAY
  MAXIMUM         86    302 PM  98    1950  80      6       80
  MINIMUM         58    543 AM  37    1966  58      0       63
  AVERAGE         72                        69      3       72

PRECIPITATION (IN)
  YESTERDAY        0.00          0.53 1957   0.00   0.00     0.00
  MONTH TO DATE    0.00                      0.12  -0.12     0.04
  SINCE OCT 1      1.74                      2.99  -1.25     2.57
  SINCE JAN 1      1.74                      1.86  -0.12     1.51

SNOWFALL (IN)
  YESTERDAY        0.0           0.0    MM   0.0    0.0      0.0
  MONTH TO DATE    0.0                       0.0    0.0      0.0
  SINCE MAR 1      0.0                       0.0    0.0      0.0
  SINCE JUL 1      0.0                       0.3   -0.3      0.0
  SNOW DEPTH       0

DEGREE DAYS
 HEATING
  YESTERDAY        0                         1     -1        0
  MONTH TO DATE   11                        55    -44        9
  SINCE MAR 1    182                       244    -62       91
  SINCE JUL 1   1301                      1935   -634     1463

 COOLING
  YESTERDAY        7                         5      2        7
  MONTH TO DATE  123                        70     53       98
  SINCE MAR 1    142                       100     42      206
  SINCE JAN 1    142                       101     41      209
..................................................................


WIND (MPH)
  RESULTANT WIND SPEED   0   RESULTANT WIND DIRECTION  NE (40)
  HIGHEST WIND SPEED     9   HIGHEST WIND DIRECTION    NE (60)
  HIGHEST GUST SPEED    13   HIGHEST GUST DIRECTION     E (110)
  AVERAGE WIND SPEED     4.2


SKY COVER
  POSSIBLE SUNSHINE  MM
  AVERAGE SKY COVER 0.1


WEATHER CONDITIONS
 THE FOLLOWING WEATHER WAS RECORDED YESTERDAY.
  NO SIGNIFICANT WEATHER WAS OBSERVED.


RELATIVE HUMIDITY (PERCENT)
 HIGHEST    39           500 AM
 LOWEST     12           300 PM
 AVERAGE    26

..........................................................


THE LAS VEGAS NV CLIMATE NORMALS FOR TODAY
                         NORMAL    RECORD    YEAR
 MAXIMUM TEMPERATURE (F)   80        99      2012
 MINIMUM TEMPERATURE (F)   58        33      1963


SUNRISE AND SUNSET
APRIL 22 2018.........SUNRISE   558 AM PDT   SUNSET   720 PM PDT
APRIL 23 2018.........SUNRISE   557 AM PDT   SUNSET   721 PM PDT


-  INDICATES NEGATIVE NUMBERS.
R  INDICATES RECORD WAS SET OR TIED.
MM INDICATES DATA IS MISSING.
T  INDICATES TRACE AMOUNT.




$$
