989
CDUS42 KILM 210840
CLILBT


CLIMATE REPORT
NATIONAL WEATHER SERVICE WILMINGTON NC
440 AM EDT SAT APR 21 2018


...................................

...THE LUMBERTON NORTH CAROLINA CLIMATE SUMMARY FOR APRIL 20 2018...

CLIMATE NORMAL PERIOD 1981 TO 2010
CLIMATE RECORD PERIOD 1903 TO 2018


WEATHER ITEM   OBSERVED TIME   RECORD YEAR NORMAL DEPARTURE LAST
                VALUE   (LST)  VALUE       VALUE  FROM      YEAR
                                                  NORMAL
..................................................................
TEMPERATURE (F)
 YESTERDAY
  MAXIMUM         68    439 PM  95    1925  76     -8       83
                                      1917
  MINIMUM         39    615 AM  25    1983  50    -11       60
  AVERAGE         54                        63     -9       72

PRECIPITATION (IN)
  YESTERDAY        0.00          5.65 1918   0.10  -0.10     0.00
  MONTH TO DATE    1.72                      1.95  -0.23     2.88
  SINCE MAR 1      4.04                      5.28  -1.24     6.78
  SINCE JAN 1      7.05                     11.15  -4.10    10.27

SNOWFALL (IN)
  YESTERDAY       MM            MM      MM  MM
  MONTH TO DATE   MM                        MM
  SINCE MAR 1     MM                        MM
  SINCE JUL 1     MM                        MM
  SNOW DEPTH      MM

DEGREE DAYS
 HEATING
  YESTERDAY       11                         4      7        0
  MONTH TO DATE  150                       119     31       44
  SINCE MAR 1    612                       465    147      409
  SINCE JUL 1   2700                      2695      5     2056

 COOLING
  YESTERDAY        0                         2     -2        7
  MONTH TO DATE   25                        32     -7       49
  SINCE MAR 1     30                        42    -12       76
  SINCE JAN 1     75                        45     30       86
..................................................................


WIND (MPH)
  RESULTANT WIND SPEED   4   RESULTANT WIND DIRECTION   N (20)
  HIGHEST WIND SPEED    14   HIGHEST WIND DIRECTION     N (10)
  HIGHEST GUST SPEED    19   HIGHEST GUST DIRECTION     N (360)
  AVERAGE WIND SPEED     4.8


SKY COVER
  POSSIBLE SUNSHINE  MM
  AVERAGE SKY COVER 0.0


WEATHER CONDITIONS
 THE FOLLOWING WEATHER WAS RECORDED YESTERDAY.
  NO SIGNIFICANT WEATHER WAS OBSERVED.


RELATIVE HUMIDITY (PERCENT)
 HIGHEST    83          1000 PM
 LOWEST     24           200 PM
 AVERAGE    54

..........................................................


THE LUMBERTON NORTH CAROLINA CLIMATE NORMALS FOR TODAY
                         NORMAL    RECORD    YEAR
 MAXIMUM TEMPERATURE (F)   76        94      1917
 MINIMUM TEMPERATURE (F)   50        26      1983


SUNRISE AND SUNSET
APRIL 21 2018.........SUNRISE   637 AM EDT   SUNSET   753 PM EDT
APRIL 22 2018.........SUNRISE   636 AM EDT   SUNSET   754 PM EDT


-  INDICATES NEGATIVE NUMBERS.
R  INDICATES RECORD WAS SET OR TIED.
MM INDICATES DATA IS MISSING.
T  INDICATES TRACE AMOUNT.




$$
