015
CDUS44 KSHV 222143
CLILFK


CLIMATE REPORT
NATIONAL WEATHER SERVICE SHREVEPORT, LA
443 PM CDT SUN APR 22 2018


...................................

...THE LUFKIN CLIMATE SUMMARY FOR APRIL 22 2018...
VALID TODAY AS OF 0400 PM LOCAL TIME.

CLIMATE NORMAL PERIOD 1981 TO 2010
CLIMATE RECORD PERIOD 1906 TO 2018


WEATHER ITEM   OBSERVED TIME   RECORD YEAR NORMAL DEPARTURE LAST
                VALUE   (LST)  VALUE       VALUE  FROM      YEAR
                                                  NORMAL
..................................................................
TEMPERATURE (F)
 TODAY
  MAXIMUM         71    328 PM  91    2011  80     -9       71
  MINIMUM         55    945 AM  36    1931  57     -2       53
  AVERAGE         63                        68     -5       62

PRECIPITATION (IN)
  TODAY            0.00          3.72 1926   0.10  -0.10     0.01
  MONTH TO DATE    2.83                      2.18   0.65     5.37
  SINCE DEC 1     23.29                     18.45   4.84    20.25
  SINCE JAN 1     19.68                     14.01   5.67    15.34

SNOWFALL (IN)
  TODAY            0.0
  MONTH TO DATE    0.0
  SINCE MAR 1      0.0
  SINCE JUL 1      1.1
  SNOW DEPTH       0

DEGREE DAYS
 HEATING
  TODAY            2                         1      1        3
  MONTH TO DATE  100                        62     38       23
  SINCE MAR 1    219                       272    -53      146
  SINCE JUL 1   1839                      1906    -67     1122

 COOLING
  TODAY            0                         5     -5        0
  MONTH TO DATE   43                        75    -32       98
  SINCE MAR 1    132                       116     16      192
  SINCE JAN 1    175                       135     40      274
..................................................................


WIND (MPH)
  HIGHEST WIND SPEED    17   HIGHEST WIND DIRECTION    NW (300)
  HIGHEST GUST SPEED    24   HIGHEST GUST DIRECTION    NW (310)
  AVERAGE WIND SPEED     8.5


SKY COVER
  POSSIBLE SUNSHINE  MM
  AVERAGE SKY COVER 0.8


WEATHER CONDITIONS
 THE FOLLOWING WEATHER WAS RECORDED TODAY.
  FOG


RELATIVE HUMIDITY (PERCENT)
 HIGHEST   100           100 AM
 LOWEST     53           300 PM
 AVERAGE    77

..........................................................


THE LUFKIN CLIMATE NORMALS FOR TOMORROW
                         NORMAL    RECORD    YEAR
 MAXIMUM TEMPERATURE (F)   80        91      2011
                                             1999
 MINIMUM TEMPERATURE (F)   57        40      1907


SUNRISE AND SUNSET
APRIL 22 2018.........SUNRISE   643 AM CDT   SUNSET   752 PM CDT
APRIL 23 2018.........SUNRISE   642 AM CDT   SUNSET   753 PM CDT


-  INDICATES NEGATIVE NUMBERS.
R  INDICATES RECORD WAS SET OR TIED.
MM INDICATES DATA IS MISSING.
T  INDICATES TRACE AMOUNT.




$$
