000
CDHW41 PHFO 231245
CLILIH


CLIMATE REPORT
NATIONAL WEATHER SERVICE HONOLULU HI
245 AM HST MON APR 23 2018


...................................

...THE LIHUE HI CLIMATE SUMMARY FOR APRIL 22 2018...

CLIMATE NORMAL PERIOD 1981 TO 2010
CLIMATE RECORD PERIOD 1946 TO 2018


WEATHER ITEM   OBSERVED TIME   RECORD YEAR NORMAL DEPARTURE LAST
                VALUE   (LST)  VALUE       VALUE  FROM      YEAR
                                                  NORMAL
..................................................................
TEMPERATURE (F)
 YESTERDAY
  MAXIMUM         80    347 PM  85    2016  79      1       80
                                      1981
  MINIMUM         73    847 PM  56    1958  69      4       71
  AVERAGE         77                        74      3       76

PRECIPITATION (IN)
  YESTERDAY        0.00          1.27 1954   0.05  -0.05     0.16
  MONTH TO DATE    5.42                      1.75   3.67     1.21
  SINCE MAR 1     14.45                      6.36   8.09     5.32
  SINCE JAN 1     23.48                     13.27  10.21    11.80

SNOWFALL (IN)
  YESTERDAY        0.0
  MONTH TO DATE    0.0
  SINCE MAR 1      0.0
  SINCE JUL 1      0.0
  SNOW DEPTH      MM

DEGREE DAYS
 HEATING
  YESTERDAY        0                         0      0        0
  MONTH TO DATE    0                         0      0        0
  SINCE MAR 1      0                         0      0        0
  SINCE JUL 1      0                         0      0        0

 COOLING
  YESTERDAY       12                         9      3       11
  MONTH TO DATE  217                       197     20      253
  SINCE MAR 1    465                       436     29      533
  SINCE JAN 1    916                       831     85      974
..................................................................


WIND (MPH)
  HIGHEST WIND SPEED    21   HIGHEST WIND DIRECTION    NE (60)
  HIGHEST GUST SPEED    24   HIGHEST GUST DIRECTION    NE (50)
  AVERAGE WIND SPEED    14.3


SKY COVER
  POSSIBLE SUNSHINE  MM
  AVERAGE SKY COVER  MM


WEATHER CONDITIONS
 THE FOLLOWING WEATHER WAS RECORDED YESTERDAY.
  HAZE


RELATIVE HUMIDITY (PERCENT)
 HIGHEST    MM
 LOWEST     MM
 AVERAGE    MM

..........................................................


THE LIHUE HI CLIMATE NORMALS FOR TODAY
                         NORMAL    RECORD    YEAR
 MAXIMUM TEMPERATURE (F)   80        86      2016
 MINIMUM TEMPERATURE (F)   69        57      1956


SUNRISE AND SUNSET
APRIL 23 2018.........SUNRISE   611 AM HST   SUNSET   700 PM HST
APRIL 24 2018.........SUNRISE   610 AM HST   SUNSET   701 PM HST


-  INDICATES NEGATIVE NUMBERS.
R  INDICATES RECORD WAS SET OR TIED.
MM INDICATES DATA IS MISSING.
T  INDICATES TRACE AMOUNT.




$$
